Last updated on 2023-09-29 21:53:58 CEST.
Flavor | Version | Tinstall | Tcheck | Ttotal | Status | Flags |
---|---|---|---|---|---|---|
r-devel-linux-x86_64-debian-clang | 1.3.1 | 12.13 | 258.28 | 270.41 | OK | |
r-devel-linux-x86_64-debian-gcc | 1.3.1 | 11.16 | 184.79 | 195.95 | OK | |
r-devel-linux-x86_64-fedora-clang | 1.3.1 | 321.82 | NOTE | |||
r-devel-linux-x86_64-fedora-gcc | 1.3.1 | 382.69 | NOTE | |||
r-devel-windows-x86_64 | 1.3.1 | 13.00 | 172.00 | 185.00 | OK | |
r-patched-linux-x86_64 | 1.3.1 | 16.55 | 248.50 | 265.05 | OK | |
r-release-linux-x86_64 | 1.3.1 | 9.56 | 252.89 | 262.45 | OK | |
r-release-macos-arm64 | 1.3.1 | 100.00 | OK | |||
r-release-macos-x86_64 | 1.3.1 | 171.00 | OK | |||
r-release-windows-x86_64 | 1.3.1 | 18.00 | 226.00 | 244.00 | OK | |
r-oldrel-macos-arm64 | 1.3.1 | 82.00 | OK | |||
r-oldrel-macos-x86_64 | 1.3.1 | 114.00 | OK | |||
r-oldrel-windows-x86_64 | 1.3.1 | 18.00 | 218.00 | 236.00 | OK |
Version: 1.3.1
Check: data for non-ASCII characters
Result: NOTE
Note: found 2096 marked UTF-8 strings
Flavors: r-devel-linux-x86_64-fedora-clang, r-devel-linux-x86_64-fedora-gcc