CRAN Package Check Results for Package LTRCforests

Last updated on 2022-09-27 23:08:44 CEST.

Flavor Version Tinstall Tcheck Ttotal Status Flags
r-devel-linux-x86_64-debian-clang 0.5.5 34.59 121.74 156.33 OK
r-devel-linux-x86_64-debian-gcc 0.5.5 28.43 89.89 118.32 OK
r-devel-linux-x86_64-fedora-clang 0.5.5 205.58 OK
r-devel-linux-x86_64-fedora-gcc 0.5.5 212.42 OK
r-devel-windows-x86_64 0.5.5 68.00 151.00 219.00 OK
r-patched-linux-x86_64 0.5.5 29.23 117.61 146.84 OK
r-release-linux-x86_64 0.5.5 32.23 116.92 149.15 OK
r-release-macos-arm64 0.5.5 53.00 NOTE
r-release-macos-x86_64 0.5.5 98.00 OK
r-release-windows-x86_64 0.5.5 63.00 144.00 207.00 OK
r-oldrel-macos-arm64 0.5.5 58.00 NOTE
r-oldrel-macos-x86_64 0.5.5 88.00 OK
r-oldrel-windows-ix86+x86_64 0.5.5 75.00 182.00 257.00 OK

Check Details

Version: 0.5.5
Check: package dependencies
Result: NOTE
    Package suggested but not available for checking: ‘LTRCtrees’
Flavors: r-release-macos-arm64, r-oldrel-macos-arm64

Version: 0.5.5
Check: Rd cross-references
Result: NOTE
    Package unavailable to check Rd xrefs: ‘LTRCtrees’
Flavors: r-release-macos-arm64, r-oldrel-macos-arm64