Last updated on 2024-04-19 22:55:51 CEST.
Flavor | Version | Tinstall | Tcheck | Ttotal | Status | Flags |
---|---|---|---|---|---|---|
r-devel-linux-x86_64-debian-clang | 2.1.5 | 3.73 | 37.89 | 41.62 | NOTE | |
r-devel-linux-x86_64-debian-gcc | 2.1.5 | NOTE | ||||
r-devel-linux-x86_64-fedora-clang | 2.1.5 | 51.68 | NOTE | |||
r-devel-linux-x86_64-fedora-gcc | 2.1.5 | 48.66 | NOTE | |||
r-prerel-macos-arm64 | 2.1.5 | 20.00 | NOTE | |||
r-prerel-windows-x86_64 | 2.1.5 | 5.00 | 49.00 | 54.00 | NOTE | |
r-patched-linux-x86_64 | 2.1.5 | 2.36 | 37.00 | 39.36 | NOTE | |
r-release-linux-x86_64 | 2.1.5 | 3.79 | 36.90 | 40.69 | OK | |
r-release-macos-arm64 | 2.1.5 | 21.00 | OK | |||
r-release-macos-x86_64 | 2.1.5 | 28.00 | OK | |||
r-release-windows-x86_64 | 2.1.5 | 3.00 | 52.00 | 55.00 | OK | |
r-oldrel-macos-arm64 | 2.1.5 | 21.00 | OK | |||
r-oldrel-windows-x86_64 | 2.1.5 | 5.00 | 57.00 | 62.00 | OK |
Version: 2.1.5
Check: Rd files
Result: NOTE
checkRd: (-1) LVGP_fit.Rd:47: Lost braces in \itemize; \value handles \item{}{} directly
checkRd: (-1) LVGP_fit.Rd:48: Lost braces in \itemize; \value handles \item{}{} directly
checkRd: (-1) LVGP_fit.Rd:49: Lost braces in \itemize; \value handles \item{}{} directly
checkRd: (-1) LVGP_fit.Rd:50: Lost braces in \itemize; \value handles \item{}{} directly
checkRd: (-1) LVGP_fit.Rd:51: Lost braces in \itemize; \value handles \item{}{} directly
checkRd: (-1) LVGP_fit.Rd:52: Lost braces in \itemize; \value handles \item{}{} directly
checkRd: (-1) LVGP_predict.Rd:20: Lost braces in \itemize; \value handles \item{}{} directly
checkRd: (-1) LVGP_predict.Rd:21: Lost braces in \itemize; \value handles \item{}{} directly
checkRd: (-1) math_example.Rd:21: Lost braces
21 | Data are sampled from the modified math function based on the first example in the paper listed in code{references}.
| ^
Flavors: r-devel-linux-x86_64-debian-clang, r-devel-linux-x86_64-debian-gcc, r-devel-linux-x86_64-fedora-clang, r-devel-linux-x86_64-fedora-gcc, r-prerel-macos-arm64, r-prerel-windows-x86_64, r-patched-linux-x86_64