CRAN Package Check Results for Package LabourMarketAreas

Last updated on 2019-08-25 22:47:04 CEST.

Flavor Version Tinstall Tcheck Ttotal Status Flags
r-devel-linux-x86_64-debian-clang 3.2.2 12.16 116.56 128.72 OK
r-devel-linux-x86_64-debian-gcc 3.2.2 11.67 115.66 127.33 OK
r-devel-linux-x86_64-fedora-clang 3.2.2 137.36 NOTE
r-devel-linux-x86_64-fedora-gcc 3.2.2 152.56 NOTE
r-devel-windows-ix86+x86_64 3.2.2 41.00 171.00 212.00 OK
r-patched-linux-x86_64 3.2.2 10.86 114.13 124.99 OK
r-patched-solaris-x86 3.2.2 209.20 NOTE
r-release-linux-x86_64 3.2.2 11.83 116.87 128.70 OK
r-release-windows-ix86+x86_64 3.2.2 39.00 178.00 217.00 OK
r-release-osx-x86_64 3.2.2 NOTE
r-oldrel-windows-ix86+x86_64 3.2.2 28.00 159.00 187.00 OK
r-oldrel-osx-x86_64 3.2.2 NOTE

Check Details

Version: 3.2.2
Check: data for non-ASCII characters
Result: NOTE
     Note: found 15 marked UTF-8 strings
Flavors: r-devel-linux-x86_64-fedora-clang, r-devel-linux-x86_64-fedora-gcc, r-patched-solaris-x86, r-release-osx-x86_64, r-oldrel-osx-x86_64