CRAN Package Check Results for Package Lahman

Last updated on 2019-12-10 22:49:36 CET.

Flavor Version Tinstall Tcheck Ttotal Status Flags
r-devel-linux-x86_64-debian-clang 7.0-1 10.31 74.73 85.04 OK
r-devel-linux-x86_64-debian-gcc 7.0-1 8.70 57.57 66.27 OK
r-devel-linux-x86_64-fedora-clang 7.0-1 103.84 NOTE
r-devel-linux-x86_64-fedora-gcc 7.0-1 101.87 OK
r-devel-windows-ix86+x86_64 7.0-1 16.00 91.00 107.00 NOTE
r-devel-windows-ix86+x86_64-gcc8 7.0-1 18.00 96.00 114.00 NOTE
r-patched-linux-x86_64 7.0-1 10.13 69.97 80.10 OK
r-patched-solaris-x86 7.0-1 141.50 NOTE
r-release-linux-x86_64 7.0-1 9.48 69.43 78.91 OK
r-release-windows-ix86+x86_64 7.0-1 17.00 88.00 105.00 NOTE
r-release-osx-x86_64 7.0-1 NOTE
r-oldrel-windows-ix86+x86_64 7.0-1 15.00 80.00 95.00 NOTE
r-oldrel-osx-x86_64 7.0-1 NOTE

Check Details

Version: 7.0-1
Check: installed package size
Result: NOTE
     installed size is 9.1Mb
     sub-directories of 1Mb or more:
     data 8.4Mb
Flavors: r-devel-linux-x86_64-fedora-clang, r-devel-windows-ix86+x86_64, r-devel-windows-ix86+x86_64-gcc8, r-patched-solaris-x86, r-release-windows-ix86+x86_64, r-release-osx-x86_64, r-oldrel-windows-ix86+x86_64, r-oldrel-osx-x86_64