CRAN Package Check Results for Package LaplacesDemon

Last updated on 2021-05-13 22:51:04 CEST.

Flavor Version Tinstall Tcheck Ttotal Status Flags
r-devel-linux-x86_64-debian-clang 16.1.4 48.70 295.75 344.45 OK
r-devel-linux-x86_64-debian-gcc 16.1.4 43.93 216.04 259.97 OK
r-devel-linux-x86_64-fedora-clang 16.1.4 426.95 NOTE
r-devel-linux-x86_64-fedora-gcc 16.1.4 413.31 OK
r-devel-windows-ix86+x86_64 16.1.4 73.00 314.00 387.00 NOTE
r-devel-windows-x86_64-gcc10-UCRT 16.1.4 OK
r-patched-linux-x86_64 16.1.4 54.45 284.94 339.39 OK
r-patched-solaris-x86 16.1.4 449.40 NOTE
r-release-linux-x86_64 16.1.4 45.27 269.39 314.66 OK
r-release-macos-x86_64 16.1.4 NOTE
r-release-windows-ix86+x86_64 16.1.4 56.00 321.00 377.00 NOTE
r-oldrel-macos-x86_64 16.1.4 NOTE
r-oldrel-windows-ix86+x86_64 16.1.4 70.00 233.00 303.00 NOTE

Check Details

Version: 16.1.4
Check: installed package size
Result: NOTE
     installed size is 5.2Mb
     sub-directories of 1Mb or more:
     R 1.5Mb
     doc 2.0Mb
     help 1.1Mb
Flavors: r-devel-linux-x86_64-fedora-clang, r-devel-windows-ix86+x86_64, r-patched-solaris-x86, r-release-macos-x86_64, r-release-windows-ix86+x86_64, r-oldrel-macos-x86_64, r-oldrel-windows-ix86+x86_64