Last updated on 2023-12-03 22:57:11 CET.
Flavor | Version | Tinstall | Tcheck | Ttotal | Status | Flags |
---|---|---|---|---|---|---|
r-devel-linux-x86_64-debian-clang | 2.10-22 | 7.31 | 34.37 | 41.68 | WARN | |
r-devel-linux-x86_64-debian-gcc | 2.10-22 | 5.82 | 26.48 | 32.30 | OK | |
r-devel-linux-x86_64-fedora-clang | 2.10-22 | 51.58 | WARN | |||
r-devel-linux-x86_64-fedora-gcc | 2.10-22 | 52.16 | OK | |||
r-devel-windows-x86_64 | 2.10-22 | 9.00 | 51.00 | 60.00 | OK | |
r-patched-linux-x86_64 | 2.10-22 | 7.12 | 40.72 | 47.84 | OK | |
r-release-linux-x86_64 | 2.10-22 | 6.54 | 42.22 | 48.76 | OK | |
r-release-macos-arm64 | 2.10-22 | 28.00 | OK | |||
r-release-macos-x86_64 | 2.10-22 | 42.00 | OK | |||
r-release-windows-x86_64 | 2.10-22 | 11.00 | 64.00 | 75.00 | OK | |
r-oldrel-macos-arm64 | 2.10-22 | 32.00 | OK | |||
r-oldrel-macos-x86_64 | 2.10-22 | 36.00 | OK | |||
r-oldrel-windows-x86_64 | 2.10-22 | 10.00 | 65.00 | 75.00 | OK |
Version: 2.10-22
Check: whether package can be installed
Result: WARN
Found the following significant warnings:
linear.cpp:31:10: warning: format string is not a string literal (potentially insecure) [-Wformat-security]
tron.cpp:33:10: warning: format string is not a string literal (potentially insecure) [-Wformat-security]
See ‘/home/hornik/tmp/R.check/r-devel-clang/Work/PKGS/LiblineaR.Rcheck/00install.out’ for details.
* used C compiler: ‘Debian clang version 17.0.5 (1)’
* used C++ compiler: ‘Debian clang version 17.0.5 (1)’
Flavor: r-devel-linux-x86_64-debian-clang
Version: 2.10-22
Check: whether package can be installed
Result: WARN
Found the following significant warnings:
linear.cpp:31:10: warning: format string is not a string literal (potentially insecure) [-Wformat-security]
tron.cpp:33:10: warning: format string is not a string literal (potentially insecure) [-Wformat-security]
See ‘/data/gannet/ripley/R/packages/tests-clang/LiblineaR.Rcheck/00install.out’ for details.
* used C compiler: ‘clang version 17.0.5’
* used C++ compiler: ‘clang version 17.0.5’
Flavor: r-devel-linux-x86_64-fedora-clang