CRAN Package Check Results for Package LifeTables

Last updated on 2019-09-17 22:48:10 CEST.

Flavor Version Tinstall Tcheck Ttotal Status Flags
r-devel-linux-x86_64-debian-clang 1.0 2.52 25.73 28.25 OK
r-devel-linux-x86_64-debian-gcc 1.0 2.39 20.21 22.60 OK
r-devel-linux-x86_64-fedora-clang 1.0 35.43 OK
r-devel-linux-x86_64-fedora-gcc 1.0 34.22 OK
r-devel-windows-ix86+x86_64 1.0 9.00 56.00 65.00 OK
r-patched-linux-x86_64 1.0 2.13 25.67 27.80 OK
r-patched-solaris-x86 1.0 52.90 OK
r-release-linux-x86_64 1.0 1.97 25.68 27.65 OK
r-release-windows-ix86+x86_64 1.0 5.00 52.00 57.00 OK
r-release-osx-x86_64 1.0 NOTE
r-oldrel-windows-ix86+x86_64 1.0 5.00 38.00 43.00 OK
r-oldrel-osx-x86_64 1.0 NOTE

Check Details

Version: 1.0
Check: package dependencies
Result: NOTE
    Packages suggested but not available for checking: 'gWidgetsRGtk2', 'RGtk2'
Flavor: r-release-osx-x86_64

Version: 1.0
Check: package dependencies
Result: NOTE
    Packages suggested but not available for checking: ‘gWidgetsRGtk2’ ‘RGtk2’
Flavor: r-oldrel-osx-x86_64