CRAN Package Check Results for Package LifeTables

Last updated on 2020-02-17 22:49:36 CET.

Flavor Version Tinstall Tcheck Ttotal Status Flags
r-devel-linux-x86_64-debian-clang 1.0 3.28 27.84 31.12 OK
r-devel-linux-x86_64-debian-gcc 1.0 2.28 21.40 23.68 OK
r-devel-linux-x86_64-fedora-clang 1.0 37.96 OK
r-devel-linux-x86_64-fedora-gcc 1.0 36.45 OK
r-devel-windows-ix86+x86_64 1.0 6.00 44.00 50.00 OK
r-devel-windows-ix86+x86_64-gcc8 1.0 8.00 64.00 72.00 OK
r-patched-linux-x86_64 1.0 2.38 25.78 28.16 OK
r-patched-solaris-x86 1.0 52.80 OK
r-release-linux-x86_64 1.0 2.22 25.59 27.81 OK
r-release-windows-ix86+x86_64 1.0 6.00 42.00 48.00 OK
r-release-osx-x86_64 1.0 NOTE
r-oldrel-windows-ix86+x86_64 1.0 3.00 53.00 56.00 OK
r-oldrel-osx-x86_64 1.0 NOTE

Check Details

Version: 1.0
Check: package dependencies
Result: NOTE
    Packages suggested but not available for checking: 'gWidgetsRGtk2', 'RGtk2'
Flavor: r-release-osx-x86_64

Version: 1.0
Check: package dependencies
Result: NOTE
    Packages suggested but not available for checking: ‘gWidgetsRGtk2’ ‘RGtk2’
Flavor: r-oldrel-osx-x86_64