CRAN Package Check Results for Package LilRhino

Last updated on 2024-02-22 21:51:44 CET.

Flavor Version Tinstall Tcheck Ttotal Status Flags
r-devel-linux-x86_64-debian-clang 1.2.2 OK
r-devel-linux-x86_64-debian-gcc 1.2.2 10.57 79.57 90.14 OK
r-devel-linux-x86_64-fedora-clang 1.2.2 147.94 NOTE
r-devel-linux-x86_64-fedora-gcc 1.2.2 137.73 NOTE
r-devel-windows-x86_64 1.2.2 12.00 98.00 110.00 OK
r-patched-linux-x86_64 1.2.2 8.45 102.31 110.76 OK
r-release-linux-x86_64 1.2.2 7.87 102.60 110.47 OK
r-release-macos-arm64 1.2.2 44.00 OK
r-release-macos-x86_64 1.2.2 58.00 OK
r-release-windows-x86_64 1.2.2 15.00 116.00 131.00 OK
r-oldrel-macos-arm64 1.2.2 43.00 NOTE
r-oldrel-windows-x86_64 1.2.2 16.00 122.00 138.00 OK

Check Details

Version: 1.2.2
Check: dependencies in R code
Result: NOTE Namespaces in Imports field not imported from: ‘SnowballC’ ‘data.table’ ‘e1071’ ‘fastmatch’ All declared Imports should be used. Flavors: r-devel-linux-x86_64-fedora-clang, r-devel-linux-x86_64-fedora-gcc, r-oldrel-macos-arm64

Version: 1.2.2
Check: for detritus in the temp directory
Result: NOTE Found the following files/directories: ‘pulse-PKdhtXMmr18n’ Flavors: r-devel-linux-x86_64-fedora-clang, r-devel-linux-x86_64-fedora-gcc