CRAN Package Check Results for Package LilRhino

Last updated on 2021-05-05 22:51:39 CEST.

Flavor Version Tinstall Tcheck Ttotal Status Flags
r-devel-linux-x86_64-debian-clang 1.2.0 11.67 103.97 115.64 NOTE
r-devel-linux-x86_64-debian-gcc 1.2.0 8.78 75.99 84.77 NOTE
r-devel-linux-x86_64-fedora-clang 1.2.0 146.97 NOTE
r-devel-linux-x86_64-fedora-gcc 1.2.0 132.83 NOTE
r-devel-windows-ix86+x86_64 1.2.0 29.00 127.00 156.00 NOTE
r-devel-windows-x86_64-gcc10-UCRT 1.2.0 NOTE
r-patched-linux-x86_64 1.2.0 11.98 98.90 110.88 NOTE
r-patched-solaris-x86 1.2.0 195.30 NOTE
r-release-linux-x86_64 1.2.0 10.27 94.78 105.05 OK
r-release-macos-x86_64 1.2.0 NOTE
r-release-windows-ix86+x86_64 1.2.0 21.00 106.00 127.00 OK
r-oldrel-macos-x86_64 1.2.0 NOTE
r-oldrel-windows-ix86+x86_64 1.2.0 24.00 125.00 149.00 OK

Check Details

Version: 1.2.0
Check: LazyData
Result: NOTE
     'LazyData' is specified without a 'data' directory
Flavors: r-devel-linux-x86_64-debian-clang, r-devel-linux-x86_64-debian-gcc, r-devel-linux-x86_64-fedora-clang, r-devel-linux-x86_64-fedora-gcc, r-devel-windows-ix86+x86_64, r-devel-windows-x86_64-gcc10-UCRT, r-patched-linux-x86_64

Version: 1.2.0
Check: dependencies in R code
Result: NOTE
    Namespaces in Imports field not imported from:
     ‘SnowballC’ ‘data.table’ ‘e1071’ ‘fastmatch’
     All declared Imports should be used.
Flavors: r-devel-linux-x86_64-fedora-clang, r-devel-linux-x86_64-fedora-gcc, r-devel-windows-x86_64-gcc10-UCRT, r-patched-solaris-x86, r-release-macos-x86_64, r-oldrel-macos-x86_64