CRAN Package Check Results for Package LogrankA

Last updated on 2022-01-24 22:56:31 CET.

Flavor Version Tinstall Tcheck Ttotal Status Flags
r-devel-linux-x86_64-debian-clang 1.0 1.75 30.04 31.79 NOTE
r-devel-linux-x86_64-debian-gcc 1.0 1.33 23.50 24.83 NOTE
r-devel-linux-x86_64-fedora-clang 1.0 40.26 NOTE
r-devel-linux-x86_64-fedora-gcc 1.0 29.18 NOTE
r-devel-windows-x86_64-new-UL 1.0 11.00 46.00 57.00 NOTE
r-devel-windows-x86_64-new-TK 1.0 NOTE
r-patched-linux-x86_64 1.0 1.88 29.44 31.32 NOTE
r-release-linux-x86_64 1.0 1.16 29.86 31.02 NOTE
r-release-macos-arm64 1.0 NOTE
r-release-macos-x86_64 1.0 NOTE
r-release-windows-ix86+x86_64 1.0 4.00 37.00 41.00 NOTE
r-oldrel-macos-x86_64 1.0 NOTE
r-oldrel-windows-ix86+x86_64 1.0 4.00 37.00 41.00 NOTE

Check Details

Version: 1.0
Check: R code for possible problems
Result: NOTE
    LogrankA: no visible global function definition for 'is.Surv'
    LogrankA: no visible global function definition for 'na.omit'
    LogrankA: no visible global function definition for 'pchisq'
    Undefined global functions or variables:
     is.Surv na.omit pchisq
    Consider adding
     importFrom("stats", "na.omit", "pchisq")
    to your NAMESPACE file.
Flavors: r-devel-linux-x86_64-debian-clang, r-devel-linux-x86_64-debian-gcc, r-devel-linux-x86_64-fedora-clang, r-devel-linux-x86_64-fedora-gcc, r-devel-windows-x86_64-new-UL, r-devel-windows-x86_64-new-TK, r-patched-linux-x86_64, r-release-linux-x86_64, r-release-macos-arm64, r-release-macos-x86_64, r-release-windows-ix86+x86_64, r-oldrel-macos-x86_64, r-oldrel-windows-ix86+x86_64