CRAN Package Check Results for Package LongituRF

Last updated on 2023-09-26 23:04:17 CEST.

Flavor Version Tinstall Tcheck Ttotal Status Flags
r-devel-linux-x86_64-debian-clang 0.9 6.04 52.85 58.89 NOTE
r-devel-linux-x86_64-debian-gcc 0.9 5.56 40.59 46.15 NOTE
r-devel-linux-x86_64-fedora-clang 0.9 74.47 NOTE
r-devel-linux-x86_64-fedora-gcc 0.9 79.39 NOTE
r-devel-windows-x86_64 0.9 8.00 63.00 71.00 NOTE
r-patched-linux-x86_64 0.9 7.28 52.27 59.55 NOTE
r-release-linux-x86_64 0.9 5.52 52.69 58.21 NOTE
r-release-macos-arm64 0.9 27.00 NOTE
r-release-macos-x86_64 0.9 39.00 NOTE
r-release-windows-x86_64 0.9 9.00 69.00 78.00 NOTE
r-oldrel-macos-arm64 0.9 22.00 NOTE
r-oldrel-macos-x86_64 0.9 29.00 NOTE
r-oldrel-windows-x86_64 0.9 9.00 67.00 76.00 NOTE

Check Details

Version: 0.9
Check: LazyData
Result: NOTE
     'LazyData' is specified without a 'data' directory
Flavors: r-devel-linux-x86_64-debian-clang, r-devel-linux-x86_64-debian-gcc, r-devel-linux-x86_64-fedora-clang, r-devel-linux-x86_64-fedora-gcc, r-devel-windows-x86_64, r-patched-linux-x86_64, r-release-linux-x86_64, r-release-macos-arm64, r-release-macos-x86_64, r-release-windows-x86_64, r-oldrel-macos-arm64, r-oldrel-macos-x86_64, r-oldrel-windows-x86_64