CRAN Package Check Results for Package MAINT.Data

Last updated on 2021-08-01 22:49:50 CEST.

Flavor Version Tinstall Tcheck Ttotal Status Flags
r-devel-linux-x86_64-debian-clang 2.6.1 239.92 160.99 400.91 OK
r-devel-linux-x86_64-debian-gcc 2.6.1 166.09 118.55 284.64 OK
r-devel-linux-x86_64-fedora-clang 2.6.1 538.90 NOTE
r-devel-linux-x86_64-fedora-gcc 2.6.1 528.33 OK
r-devel-windows-x86_64 2.6.1 248.00 192.00 440.00 NOTE
r-devel-windows-x86_64-gcc10-UCRT 2.6.1 OK
r-patched-linux-x86_64 2.6.1 OK
r-patched-solaris-x86 2.6.1 498.90 NOTE
r-release-linux-x86_64 2.6.1 175.71 152.38 328.09 OK
r-release-macos-arm64 2.6.1 NOTE
r-release-macos-x86_64 2.6.1 NOTE
r-release-windows-ix86+x86_64 2.6.1 541.00 178.00 719.00 NOTE
r-oldrel-macos-x86_64 2.6.1 NOTE
r-oldrel-windows-ix86+x86_64 2.6.1 483.00 247.00 730.00 NOTE

Check Details

Version: 2.6.1
Check: installed package size
Result: NOTE
     installed size is 9.1Mb
     sub-directories of 1Mb or more:
     R 1.5Mb
     data 2.3Mb
     libs 5.0Mb
Flavors: r-devel-linux-x86_64-fedora-clang, r-devel-windows-x86_64, r-patched-solaris-x86, r-release-macos-arm64, r-release-macos-x86_64, r-release-windows-ix86+x86_64, r-oldrel-macos-x86_64, r-oldrel-windows-ix86+x86_64