Last updated on 2022-07-03 22:50:38 CEST.
Flavor | Version | Tinstall | Tcheck | Ttotal | Status | Flags |
---|---|---|---|---|---|---|
r-devel-linux-x86_64-debian-clang | 3.11.4 | 21.63 | 282.31 | 303.94 | OK | |
r-devel-linux-x86_64-debian-gcc | 3.11.4 | 17.69 | 203.53 | 221.22 | OK | |
r-devel-linux-x86_64-fedora-clang | 3.11.4 | 374.06 | NOTE | |||
r-devel-linux-x86_64-fedora-gcc | 3.11.4 | 386.23 | OK | |||
r-devel-windows-x86_64 | 3.11.4 | 67.00 | 352.00 | 419.00 | NOTE | |
r-patched-linux-x86_64 | 3.11.4 | 22.36 | 259.30 | 281.66 | OK | |
r-release-linux-x86_64 | 3.11.4 | 18.82 | 265.42 | 284.24 | OK | |
r-release-macos-arm64 | 3.11.4 | 88.00 | NOTE | |||
r-release-macos-x86_64 | 3.11.4 | 123.00 | NOTE | |||
r-release-windows-x86_64 | 3.11.4 | 55.00 | 360.00 | 415.00 | NOTE | |
r-oldrel-macos-arm64 | 3.11.4 | 94.00 | NOTE | |||
r-oldrel-macos-x86_64 | 3.11.4 | 127.00 | NOTE | |||
r-oldrel-windows-ix86+x86_64 | 3.11.4 | 37.00 | 302.00 | 339.00 | NOTE |
Version: 3.11.4
Check: installed package size
Result: NOTE
installed size is 5.1Mb
sub-directories of 1Mb or more:
doc 3.7Mb
Flavors: r-devel-linux-x86_64-fedora-clang, r-devel-windows-x86_64, r-release-macos-arm64, r-release-macos-x86_64, r-release-windows-x86_64, r-oldrel-macos-arm64, r-oldrel-macos-x86_64, r-oldrel-windows-ix86+x86_64