CRAN Package Check Results for Package MARSSVRhybrid

Last updated on 2021-05-11 22:49:52 CEST.

Flavor Version Tinstall Tcheck Ttotal Status Flags
r-devel-linux-x86_64-debian-clang 0.1.0 2.25 25.52 27.77 NOTE
r-devel-linux-x86_64-debian-gcc 0.1.0 1.84 20.71 22.55 NOTE
r-devel-linux-x86_64-fedora-clang 0.1.0 44.03 NOTE
r-devel-linux-x86_64-fedora-gcc 0.1.0 32.42 NOTE
r-devel-windows-ix86+x86_64 0.1.0 5.00 41.00 46.00 NOTE
r-devel-windows-x86_64-gcc10-UCRT 0.1.0 NOTE
r-patched-linux-x86_64 0.1.0 2.17 25.13 27.30 NOTE
r-patched-solaris-x86 0.1.0 51.90 NOTE
r-release-linux-x86_64 0.1.0 1.99 24.62 26.61 OK
r-release-macos-x86_64 0.1.0 OK
r-release-windows-ix86+x86_64 0.1.0 5.00 32.00 37.00 OK
r-oldrel-macos-x86_64 0.1.0 OK
r-oldrel-windows-ix86+x86_64 0.1.0 4.00 31.00 35.00 OK

Check Details

Version: 0.1.0
Check: LazyData
Result: NOTE
     'LazyData' is specified without a 'data' directory
Flavors: r-devel-linux-x86_64-debian-clang, r-devel-linux-x86_64-debian-gcc, r-devel-linux-x86_64-fedora-clang, r-devel-linux-x86_64-fedora-gcc, r-devel-windows-ix86+x86_64, r-devel-windows-x86_64-gcc10-UCRT, r-patched-linux-x86_64, r-patched-solaris-x86