Last updated on 2024-04-27 23:16:49 CEST.
Flavor | Version | Tinstall | Tcheck | Ttotal | Status | Flags |
---|---|---|---|---|---|---|
r-devel-linux-x86_64-debian-clang | 2.0-1 | 2.35 | 29.89 | 32.24 | NOTE | |
r-devel-linux-x86_64-debian-gcc | 2.0-1 | 2.18 | 22.87 | 25.05 | NOTE | |
r-devel-linux-x86_64-fedora-clang | 2.0-1 | 40.69 | NOTE | |||
r-devel-linux-x86_64-fedora-gcc | 2.0-1 | 39.13 | NOTE | |||
r-devel-windows-x86_64 | 2.0-1 | 4.00 | 44.00 | 48.00 | NOTE | |
r-patched-linux-x86_64 | 2.0-1 | 3.60 | 28.61 | 32.21 | NOTE | |
r-release-linux-x86_64 | 2.0-1 | 1.82 | 29.11 | 30.93 | OK | |
r-release-macos-arm64 | 2.0-1 | 16.00 | NOTE | |||
r-release-windows-x86_64 | 2.0-1 | 4.00 | 44.00 | 48.00 | NOTE | |
r-oldrel-macos-arm64 | 2.0-1 | 19.00 | OK | |||
r-oldrel-macos-x86_64 | 2.0-1 | 24.00 | OK | |||
r-oldrel-windows-x86_64 | 2.0-1 | 5.00 | 46.00 | 51.00 | OK |
Version: 2.0-1
Check: Rd files
Result: NOTE
checkRd: (-1) CF2004.Rd:8: Lost braces; missing escapes or markup?
8 | \item{X2}{an optional second variable with same length as \code{X}, should the equation be multiple (see Details) {in mm}}
| ^
Flavors: r-devel-linux-x86_64-debian-clang, r-devel-linux-x86_64-debian-gcc, r-devel-linux-x86_64-fedora-clang, r-devel-linux-x86_64-fedora-gcc, r-devel-windows-x86_64, r-patched-linux-x86_64, r-release-macos-arm64, r-release-windows-x86_64
Version: 2.0-1
Check: data for non-ASCII characters
Result: NOTE
Note: found 1 marked UTF-8 string
Flavors: r-devel-linux-x86_64-fedora-clang, r-devel-linux-x86_64-fedora-gcc