Last updated on 2023-09-28 23:08:50 CEST.
Flavor | Version | Tinstall | Tcheck | Ttotal | Status | Flags |
---|---|---|---|---|---|---|
r-devel-linux-x86_64-debian-clang | 1.2.2 | 8.01 | 337.67 | 345.68 | OK | |
r-devel-linux-x86_64-debian-gcc | 1.2.2 | 6.52 | 236.74 | 243.26 | OK | |
r-devel-linux-x86_64-fedora-clang | 1.2.2 | 415.79 | NOTE | |||
r-devel-linux-x86_64-fedora-gcc | 1.2.2 | 445.82 | OK | |||
r-devel-windows-x86_64 | 1.2.2 | 8.00 | 419.00 | 427.00 | NOTE | |
r-patched-linux-x86_64 | 1.2.2 | 8.69 | 325.38 | 334.07 | OK | |
r-release-linux-x86_64 | 1.2.2 | 7.73 | 337.20 | 344.93 | OK | |
r-release-macos-arm64 | 1.2.2 | 123.00 | NOTE | |||
r-release-macos-x86_64 | 1.2.2 | 167.00 | NOTE | |||
r-release-windows-x86_64 | 1.2.2 | 11.00 | 508.00 | 519.00 | NOTE | |
r-oldrel-macos-arm64 | 1.2.2 | 120.00 | NOTE | |||
r-oldrel-macos-x86_64 | 1.2.2 | 144.00 | NOTE | |||
r-oldrel-windows-x86_64 | 1.2.2 | 11.00 | 445.00 | 456.00 | NOTE |
Version: 1.2.2
Check: installed package size
Result: NOTE
installed size is 5.3Mb
sub-directories of 1Mb or more:
data 1.2Mb
doc 3.5Mb
Flavors: r-devel-linux-x86_64-fedora-clang, r-devel-windows-x86_64, r-release-macos-arm64, r-release-macos-x86_64, r-release-windows-x86_64, r-oldrel-macos-arm64, r-oldrel-macos-x86_64, r-oldrel-windows-x86_64
Version: 1.2.2
Check: package dependencies
Result: NOTE
Package suggested but not available for checking: ‘DescTools’
Flavor: r-release-macos-x86_64