CRAN Package Check Results for Package MBCbook

Last updated on 2021-05-16 22:49:57 CEST.

Flavor Version Tinstall Tcheck Ttotal Status Flags
r-devel-linux-x86_64-debian-clang 0.1.1 4.03 54.66 58.69 OK
r-devel-linux-x86_64-debian-gcc 0.1.1 3.44 42.31 45.75 OK
r-devel-linux-x86_64-fedora-clang 0.1.1 79.58 NOTE
r-devel-linux-x86_64-fedora-gcc 0.1.1 67.75 NOTE
r-devel-windows-ix86+x86_64 0.1.1 9.00 64.00 73.00 OK
r-devel-windows-x86_64-gcc10-UCRT 0.1.1 NOTE
r-patched-linux-x86_64 0.1.1 3.57 52.14 55.71 OK
r-patched-solaris-x86 0.1.1 100.20 NOTE
r-release-linux-x86_64 0.1.1 4.32 51.94 56.26 OK
r-release-macos-x86_64 0.1.1 NOTE
r-release-windows-ix86+x86_64 0.1.1 7.00 58.00 65.00 OK
r-oldrel-macos-x86_64 0.1.1 NOTE
r-oldrel-windows-ix86+x86_64 0.1.1 6.00 69.00 75.00 OK

Check Details

Version: 0.1.1
Check: data for non-ASCII characters
Result: NOTE
     Note: found 66 marked UTF-8 strings
Flavors: r-devel-linux-x86_64-fedora-clang, r-devel-linux-x86_64-fedora-gcc, r-devel-windows-x86_64-gcc10-UCRT, r-patched-solaris-x86, r-release-macos-x86_64, r-oldrel-macos-x86_64