CRAN Package Check Results for Package MBNMAtime

Last updated on 2021-11-27 22:57:02 CET.

Flavor Version Tinstall Tcheck Ttotal Status Flags
r-devel-linux-x86_64-debian-clang 0.2.1 OK
r-devel-linux-x86_64-debian-gcc 0.2.1 8.35 321.90 330.25 OK
r-devel-linux-x86_64-fedora-clang 0.2.1 525.93 NOTE
r-devel-linux-x86_64-fedora-gcc 0.2.1 528.21 OK
r-devel-windows-x86_64-new-UL 0.2.1 26.00 500.00 526.00 OK
r-devel-windows-x86_64-new-TK 0.2.1 OK
r-devel-windows-x86_64-old 0.2.1 12.00 410.00 422.00 OK
r-patched-linux-x86_64 0.2.1 9.55 435.52 445.07 OK
r-patched-solaris-x86 0.2.1 274.30 OK
r-release-linux-x86_64 0.2.1 OK
r-release-macos-arm64 0.2.1 OK
r-release-macos-x86_64 0.2.1 OK
r-release-windows-ix86+x86_64 0.2.1 18.00 482.00 500.00 OK
r-oldrel-macos-x86_64 0.2.1 OK
r-oldrel-windows-ix86+x86_64 0.2.1 24.00 482.00 506.00 OK

Check Details

Version: 0.2.1
Check: Rd cross-references
Result: NOTE
    Undeclared package ‘gemtc’ in Rd xrefs
Flavor: r-devel-linux-x86_64-fedora-clang