CRAN Package Check Results for Package MCDA

Last updated on 2021-12-03 22:57:45 CET.

Flavor Version Tinstall Tcheck Ttotal Status Flags
r-devel-linux-x86_64-debian-clang 0.0.21 13.96 141.40 155.36 NOTE
r-devel-linux-x86_64-debian-gcc 0.0.21 12.63 105.79 118.42 NOTE
r-devel-linux-x86_64-fedora-clang 0.0.21 213.48 NOTE
r-devel-linux-x86_64-fedora-gcc 0.0.21 200.35 NOTE
r-devel-windows-x86_64-new-UL 0.0.21 29.00 181.00 210.00 NOTE
r-devel-windows-x86_64-new-TK 0.0.21 NOTE
r-devel-windows-x86_64-old 0.0.21 25.00 182.00 207.00 NOTE
r-patched-linux-x86_64 0.0.21 16.01 137.23 153.24 NOTE
r-release-linux-x86_64 0.0.21 12.17 136.57 148.74 NOTE
r-release-macos-arm64 0.0.21 NOTE
r-release-macos-x86_64 0.0.21 NOTE
r-release-windows-ix86+x86_64 0.0.21 19.00 237.00 256.00 NOTE
r-oldrel-macos-x86_64 0.0.21 NOTE
r-oldrel-windows-ix86+x86_64 0.0.21 17.00 233.00 250.00 NOTE

Check Details

Version: 0.0.21
Check: package dependencies
Result: NOTE
    Package suggested but not available for checking: 'cplexAPI'
Flavors: r-devel-linux-x86_64-debian-clang, r-devel-linux-x86_64-debian-gcc, r-devel-linux-x86_64-fedora-clang, r-devel-linux-x86_64-fedora-gcc, r-devel-windows-x86_64-new-UL, r-devel-windows-x86_64-new-TK, r-devel-windows-x86_64-old, r-patched-linux-x86_64, r-release-linux-x86_64, r-release-macos-arm64, r-release-macos-x86_64, r-release-windows-ix86+x86_64, r-oldrel-macos-x86_64, r-oldrel-windows-ix86+x86_64