CRAN Package Check Results for Package MCPMod

Last updated on 2020-02-22 22:47:51 CET.

Flavor Version Tinstall Tcheck Ttotal Status Flags
r-devel-linux-x86_64-debian-clang 1.0-10 5.48 53.22 58.70 WARN
r-devel-linux-x86_64-debian-gcc 1.0-10 4.09 37.03 41.12 WARN
r-devel-linux-x86_64-fedora-clang 1.0-10 69.68 WARN
r-devel-linux-x86_64-fedora-gcc 1.0-10 67.98 WARN
r-devel-windows-ix86+x86_64 1.0-10 9.00 65.00 74.00 OK
r-devel-windows-ix86+x86_64-gcc8 1.0-10 15.00 83.00 98.00 OK
r-patched-linux-x86_64 1.0-10 WARN
r-patched-solaris-x86 1.0-10 85.10 WARN
r-release-linux-x86_64 1.0-10 4.05 48.39 52.44 OK
r-release-windows-ix86+x86_64 1.0-10 7.00 64.00 71.00 OK
r-release-osx-x86_64 1.0-10 OK
r-oldrel-windows-ix86+x86_64 1.0-10 10.00 62.00 72.00 OK
r-oldrel-osx-x86_64 1.0-10 OK

Check Details

Version: 1.0-10
Check: Rd \usage sections
Result: WARN
    Documented arguments not in \usage in documentation object 'mvtnorm.control':
     '...'
    
    Functions with \usage entries need to have the appropriate \alias
    entries, and all their arguments documented.
    The \usage entries must correspond to syntactically valid R code.
    See chapter 'Writing R documentation files' in the 'Writing R
    Extensions' manual.
Flavors: r-devel-linux-x86_64-debian-clang, r-devel-linux-x86_64-debian-gcc, r-devel-linux-x86_64-fedora-clang, r-devel-linux-x86_64-fedora-gcc, r-patched-linux-x86_64, r-patched-solaris-x86