CRAN Package Check Results for Package MCPModBC

Last updated on 2024-06-13 22:49:34 CEST.

Flavor Version Tinstall Tcheck Ttotal Status Flags
r-devel-linux-x86_64-debian-clang 1.1 9.57 91.44 101.01 OK
r-devel-linux-x86_64-debian-gcc 1.1 0.36 1.72 2.08 ERROR
r-devel-linux-x86_64-fedora-clang 1.1 126.06 OK
r-devel-linux-x86_64-fedora-gcc 1.1 118.37 OK
r-devel-windows-x86_64 1.1 10.00 79.00 89.00 OK
r-patched-linux-x86_64 1.1 10.40 87.00 97.40 OK
r-release-linux-x86_64 1.1 12.44 85.21 97.65 OK
r-release-macos-arm64 1.1 36.00 OK
r-release-macos-x86_64 1.1 54.00 OK
r-release-windows-x86_64 1.1 11.00 79.00 90.00 OK
r-oldrel-macos-arm64 1.1 35.00 OK
r-oldrel-macos-x86_64 1.1 71.00 OK
r-oldrel-windows-x86_64 1.1 14.00 95.00 109.00 OK

Check Details

Version: 1.1
Check: package dependencies
Result: ERROR Packages required but not available: 'DoseFinding', 'dplyr' See section ‘The DESCRIPTION file’ in the ‘Writing R Extensions’ manual. Flavor: r-devel-linux-x86_64-debian-gcc