Last updated on 2024-03-27 22:57:50 CET.
Flavor | Version | Tinstall | Tcheck | Ttotal | Status | Flags |
---|---|---|---|---|---|---|
r-devel-linux-x86_64-debian-clang | 0.5 | 47.57 | 81.26 | 128.83 | OK | |
r-devel-linux-x86_64-debian-gcc | 0.5 | 41.95 | 60.88 | 102.83 | OK | |
r-devel-linux-x86_64-fedora-clang | 0.5 | 179.51 | OK | |||
r-devel-linux-x86_64-fedora-gcc | 0.5 | 179.57 | OK | |||
r-devel-windows-x86_64 | 0.5 | 41.00 | 97.00 | 138.00 | OK | |
r-patched-linux-x86_64 | 0.5 | 39.58 | 80.61 | 120.19 | OK | |
r-release-linux-x86_64 | 0.5 | 38.20 | 80.22 | 118.42 | OK | |
r-release-macos-arm64 | 0.5 | 50.00 | NOTE | |||
r-release-macos-x86_64 | 0.5 | 100.00 | NOTE | |||
r-release-windows-x86_64 | 0.5 | 50.00 | 112.00 | 162.00 | OK | |
r-oldrel-macos-arm64 | 0.5 | 51.00 | NOTE | |||
r-oldrel-windows-x86_64 | 0.5 | 50.00 | 120.00 | 170.00 | OK |
Version: 0.5
Check: installed package size
Result: NOTE
installed size is 6.8Mb
sub-directories of 1Mb or more:
libs 6.2Mb
Flavors: r-release-macos-arm64, r-release-macos-x86_64, r-oldrel-macos-arm64