CRAN Package Check Results for Package MDSPCAShiny

Last updated on 2020-01-18 22:48:36 CET.

Flavor Version Tinstall Tcheck Ttotal Status Flags
r-devel-linux-x86_64-debian-clang 0.1.0 1.70 16.97 18.67 OK
r-devel-linux-x86_64-debian-gcc 0.1.0 1.53 13.88 15.41 OK
r-devel-linux-x86_64-fedora-clang 0.1.0 23.88 NOTE
r-devel-linux-x86_64-fedora-gcc 0.1.0 23.08 NOTE
r-devel-windows-ix86+x86_64 0.1.0 9.00 49.00 58.00 OK
r-devel-windows-ix86+x86_64-gcc8 0.1.0 6.00 31.00 37.00 OK
r-patched-linux-x86_64 0.1.0 1.39 16.17 17.56 OK
r-patched-solaris-x86 0.1.0 35.40 NOTE
r-release-linux-x86_64 0.1.0 1.45 15.98 17.43 OK
r-release-windows-ix86+x86_64 0.1.0 7.00 39.00 46.00 OK
r-release-osx-x86_64 0.1.0 NOTE
r-oldrel-windows-ix86+x86_64 0.1.0 3.00 26.00 29.00 OK
r-oldrel-osx-x86_64 0.1.0 NOTE

Check Details

Version: 0.1.0
Check: dependencies in R code
Result: NOTE
    Namespaces in Imports field not imported from:
     ‘MASS’ ‘datasets’ ‘dplyr’ ‘psych’ ‘shiny’
     All declared Imports should be used.
Flavors: r-devel-linux-x86_64-fedora-clang, r-devel-linux-x86_64-fedora-gcc, r-patched-solaris-x86, r-release-osx-x86_64, r-oldrel-osx-x86_64