Last updated on 2024-04-23 22:55:28 CEST.
Flavor | Version | Tinstall | Tcheck | Ttotal | Status | Flags |
---|---|---|---|---|---|---|
r-devel-linux-x86_64-debian-clang | 0.9-3 | 5.36 | 49.17 | 54.53 | NOTE | |
r-devel-linux-x86_64-debian-gcc | 0.9-3 | 5.71 | 36.70 | 42.41 | NOTE | |
r-devel-linux-x86_64-fedora-clang | 0.9-3 | 70.09 | NOTE | |||
r-devel-linux-x86_64-fedora-gcc | 0.9-3 | 68.23 | NOTE | |||
r-prerel-macos-arm64 | 0.9-3 | 26.00 | NOTE | |||
r-prerel-windows-x86_64 | 0.9-3 | 6.00 | 68.00 | 74.00 | NOTE | |
r-patched-linux-x86_64 | 0.9-3 | 5.17 | 46.13 | 51.30 | NOTE | |
r-release-linux-x86_64 | 0.9-3 | 7.40 | 47.80 | 55.20 | NOTE | |
r-release-macos-arm64 | 0.9-3 | 27.00 | NOTE | |||
r-release-macos-x86_64 | 0.9-3 | 42.00 | NOTE | |||
r-release-windows-x86_64 | 0.9-3 | 9.00 | 79.00 | 88.00 | NOTE | |
r-oldrel-macos-arm64 | 0.9-3 | 24.00 | OK | |||
r-oldrel-windows-x86_64 | 0.9-3 | 9.00 | 84.00 | 93.00 | OK |
Version: 0.9-3
Check: Rd files
Result: NOTE
checkRd: (-1) Soybean.Rd:15: Escaped LaTeX specials: \#
checkRd: (-1) Soybean.Rd:33: Escaped LaTeX specials: \#
Flavors: r-devel-linux-x86_64-debian-clang, r-devel-linux-x86_64-debian-gcc, r-devel-linux-x86_64-fedora-clang, r-devel-linux-x86_64-fedora-gcc, r-prerel-macos-arm64, r-prerel-windows-x86_64, r-patched-linux-x86_64, r-release-linux-x86_64, r-release-macos-arm64, r-release-macos-x86_64, r-release-windows-x86_64