CRAN Package Check Results for Package MESS

Last updated on 2019-11-18 22:47:15 CET.

Flavor Version Tinstall Tcheck Ttotal Status Flags
r-devel-linux-x86_64-debian-clang 0.5.6 200.18 102.82 303.00 OK
r-devel-linux-x86_64-debian-gcc 0.5.6 142.80 81.90 224.70 OK
r-devel-linux-x86_64-fedora-clang 0.5.6 414.40 NOTE
r-devel-linux-x86_64-fedora-gcc 0.5.6 406.79 OK
r-devel-windows-ix86+x86_64 0.5.6 552.00 254.00 806.00 NOTE
r-patched-linux-x86_64 0.5.6 151.97 97.01 248.98 OK
r-patched-solaris-x86 0.5.6 415.70 OK
r-release-linux-x86_64 0.5.6 153.64 96.33 249.97 OK
r-release-windows-ix86+x86_64 0.5.6 309.00 171.00 480.00 NOTE
r-release-osx-x86_64 0.5.6 NOTE
r-oldrel-windows-ix86+x86_64 0.5.6 312.00 135.00 447.00 NOTE
r-oldrel-osx-x86_64 0.5.6 NOTE

Check Details

Version: 0.5.6
Check: installed package size
Result: NOTE
     installed size is 8.7Mb
     sub-directories of 1Mb or more:
     data 2.8Mb
     libs 5.5Mb
Flavors: r-devel-linux-x86_64-fedora-clang, r-devel-windows-ix86+x86_64, r-release-windows-ix86+x86_64, r-release-osx-x86_64, r-oldrel-windows-ix86+x86_64, r-oldrel-osx-x86_64