CRAN Package Check Results for Package MEclustnet

Last updated on 2021-05-06 22:55:25 CEST.

Flavor Version Tinstall Tcheck Ttotal Status Flags
r-devel-linux-x86_64-debian-clang 1.2.2 10.66 84.02 94.68 OK
r-devel-linux-x86_64-debian-gcc 1.2.2 8.72 62.40 71.12 OK
r-devel-linux-x86_64-fedora-clang 1.2.2 122.40 OK
r-devel-linux-x86_64-fedora-gcc 1.2.2 116.51 OK
r-devel-windows-ix86+x86_64 1.2.2 27.00 104.00 131.00 OK
r-devel-windows-x86_64-gcc10-UCRT 1.2.2 OK
r-patched-linux-x86_64 1.2.2 9.39 79.81 89.20 OK
r-patched-solaris-x86 1.2.2 161.10 OK
r-release-linux-x86_64 1.2.2 9.47 77.51 86.98 OK
r-release-macos-x86_64 1.2.2 OK
r-release-windows-ix86+x86_64 1.2.2 17.00 75.00 92.00 OK
r-oldrel-macos-x86_64 1.2.2 OK
r-oldrel-windows-ix86+x86_64 1.2.2 22.00 5.00 27.00 ERROR

Check Details

Version: 1.2.2
Check: whether package can be installed
Result: ERROR
    Installation failed.
Flavor: r-oldrel-windows-ix86+x86_64