Last updated on 2024-04-24 23:00:26 CEST.
Flavor | Version | Tinstall | Tcheck | Ttotal | Status | Flags |
---|---|---|---|---|---|---|
r-devel-linux-x86_64-debian-clang | 2.1.0 | 17.18 | 615.00 | 632.18 | NOTE | |
r-devel-linux-x86_64-debian-gcc | 2.1.0 | 15.24 | 406.22 | 421.46 | NOTE | |
r-devel-linux-x86_64-fedora-clang | 2.1.0 | 737.59 | NOTE | |||
r-devel-linux-x86_64-fedora-gcc | 2.1.0 | 726.61 | NOTE | |||
r-devel-windows-x86_64 | 2.1.0 | 15.00 | 338.00 | 353.00 | NOTE | |
r-patched-linux-x86_64 | 2.1.0 | 24.07 | 568.63 | 592.70 | NOTE | |
r-release-linux-x86_64 | 2.1.0 | 15.10 | 567.26 | 582.36 | OK | |
r-release-macos-arm64 | 2.1.0 | 192.00 | OK | |||
r-release-windows-x86_64 | 2.1.0 | 14.00 | 342.00 | 356.00 | NOTE | |
r-oldrel-macos-arm64 | 2.1.0 | 144.00 | OK | |||
r-oldrel-macos-x86_64 | 2.1.0 | 300.00 | OK | |||
r-oldrel-windows-x86_64 | 2.1.0 | 20.00 | 445.00 | 465.00 | OK |
Version: 2.1.0
Check: Rd files
Result: NOTE
checkRd: (-1) summarize_stats_CSV.Rd:81: Lost braces; missing escapes or markup?
81 | {stage}\emph{Mean}(patchNum).csv and {stage}\emph{Quantile}(quantNum)_(patchNum).csv.
| ^
checkRd: (-1) summarize_stats_CSV.Rd:81: Lost braces; missing escapes or markup?
81 | {stage}\emph{Mean}(patchNum).csv and {stage}\emph{Quantile}(quantNum)_(patchNum).csv.
| ^
checkRd: (-1) summarize_stats_CSV_decoupled.Rd:84: Lost braces; missing escapes or markup?
84 | {stage}\emph{Mean}(patchNum).csv and {stage}\emph{Quantile}(quantNum)_(patchNum).csv.
| ^
checkRd: (-1) summarize_stats_CSV_decoupled.Rd:84: Lost braces; missing escapes or markup?
84 | {stage}\emph{Mean}(patchNum).csv and {stage}\emph{Quantile}(quantNum)_(patchNum).csv.
| ^
Flavors: r-devel-linux-x86_64-debian-clang, r-devel-linux-x86_64-debian-gcc, r-devel-linux-x86_64-fedora-clang, r-devel-linux-x86_64-fedora-gcc, r-devel-windows-x86_64, r-patched-linux-x86_64, r-release-windows-x86_64