CRAN Package Check Results for Package MHTcop

Last updated on 2020-02-21 22:51:12 CET.

Flavor Version Tinstall Tcheck Ttotal Status Flags
r-devel-linux-x86_64-debian-clang 0.1.1 2.08 40.90 42.98 OK
r-devel-linux-x86_64-debian-gcc 0.1.1 2.04 31.12 33.16 OK
r-devel-linux-x86_64-fedora-clang 0.1.1 55.67 NOTE
r-devel-linux-x86_64-fedora-gcc 0.1.1 51.99 NOTE
r-devel-windows-ix86+x86_64 0.1.1 5.00 56.00 61.00 OK
r-devel-windows-ix86+x86_64-gcc8 0.1.1 20.00 70.00 90.00 OK
r-patched-linux-x86_64 0.1.1 OK
r-patched-solaris-x86 0.1.1 71.90 NOTE
r-release-linux-x86_64 0.1.1 1.73 37.42 39.15 OK
r-release-windows-ix86+x86_64 0.1.1 4.00 51.00 55.00 OK
r-release-osx-x86_64 0.1.1 NOTE
r-oldrel-windows-ix86+x86_64 0.1.1 3.00 47.00 50.00 OK
r-oldrel-osx-x86_64 0.1.1 NOTE

Check Details

Version: 0.1.1
Check: dependencies in R code
Result: NOTE
    Namespaces in Imports field not imported from:
     ‘MCMCpack’ ‘copula’
     All declared Imports should be used.
Flavors: r-devel-linux-x86_64-fedora-clang, r-devel-linux-x86_64-fedora-gcc, r-patched-solaris-x86, r-release-osx-x86_64, r-oldrel-osx-x86_64