CRAN Package Check Results for Package MHTcop

Last updated on 2019-09-22 22:46:51 CEST.

Flavor Version Tinstall Tcheck Ttotal Status Flags
r-devel-linux-x86_64-debian-clang 0.1.1 2.27 37.66 39.93 OK
r-devel-linux-x86_64-debian-gcc 0.1.1 1.61 29.14 30.75 OK
r-devel-linux-x86_64-fedora-clang 0.1.1 48.11 NOTE
r-devel-linux-x86_64-fedora-gcc 0.1.1 47.73 NOTE
r-devel-windows-ix86+x86_64 0.1.1 10.00 69.00 79.00 OK
r-patched-linux-x86_64 0.1.1 1.94 36.76 38.70 OK
r-patched-solaris-x86 0.1.1 69.50 NOTE
r-release-linux-x86_64 0.1.1 1.99 36.76 38.75 OK
r-release-windows-ix86+x86_64 0.1.1 10.00 65.00 75.00 OK
r-release-osx-x86_64 0.1.1 NOTE
r-oldrel-windows-ix86+x86_64 0.1.1 2.00 44.00 46.00 OK
r-oldrel-osx-x86_64 0.1.1 NOTE

Check Details

Version: 0.1.1
Check: dependencies in R code
Result: NOTE
    Namespaces in Imports field not imported from:
     ‘MCMCpack’ ‘copula’
     All declared Imports should be used.
Flavors: r-devel-linux-x86_64-fedora-clang, r-devel-linux-x86_64-fedora-gcc, r-patched-solaris-x86, r-release-osx-x86_64, r-oldrel-osx-x86_64