CRAN Package Check Results for Package MIIPW

Last updated on 2022-01-24 22:56:33 CET.

Flavor Version Tinstall Tcheck Ttotal Status Flags
r-devel-linux-x86_64-debian-clang 0.1.0 6.32 71.03 77.35 OK
r-devel-linux-x86_64-debian-gcc 0.1.0 5.89 52.42 58.31 OK
r-devel-linux-x86_64-fedora-clang 0.1.0 91.45 NOTE
r-devel-linux-x86_64-fedora-gcc 0.1.0 80.22 NOTE
r-devel-windows-x86_64-new-UL 0.1.0 32.00 89.00 121.00 OK
r-devel-windows-x86_64-new-TK 0.1.0 ERROR
r-patched-linux-x86_64 0.1.0 6.59 66.36 72.95 OK
r-release-linux-x86_64 0.1.0 6.16 66.37 72.53 OK
r-release-macos-arm64 0.1.0 NOTE
r-release-macos-x86_64 0.1.0 NOTE
r-release-windows-ix86+x86_64 0.1.0 16.00 81.00 97.00 OK
r-oldrel-macos-x86_64 0.1.0 NOTE
r-oldrel-windows-ix86+x86_64 0.1.0 15.00 81.00 96.00 OK

Check Details

Version: 0.1.0
Check: dependencies in R code
Result: NOTE
    Namespaces in Imports field not imported from:
     ‘stats’ ‘utils’
     All declared Imports should be used.
Flavors: r-devel-linux-x86_64-fedora-clang, r-devel-linux-x86_64-fedora-gcc, r-release-macos-arm64, r-release-macos-x86_64, r-oldrel-macos-x86_64

Version: 0.1.0
Check: package dependencies
Result: ERROR
    Package required but not available: 'matlib'
    
    See section 'The DESCRIPTION file' in the 'Writing R Extensions'
    manual.
Flavor: r-devel-windows-x86_64-new-TK