CRAN Package Check Results for Package ML2Pvae

Last updated on 2023-11-27 23:11:43 CET.

Flavor Version Tinstall Tcheck Ttotal Status Flags
r-devel-linux-x86_64-debian-clang 1.0.0.1 3.13 31.99 35.12 OK
r-devel-linux-x86_64-debian-gcc 1.0.0.1 2.21 27.88 30.09 OK
r-devel-linux-x86_64-fedora-clang 1.0.0.1 44.98 NOTE
r-devel-linux-x86_64-fedora-gcc 1.0.0.1 53.96 NOTE
r-devel-windows-x86_64 1.0.0.1 4.00 50.00 54.00 OK
r-patched-linux-x86_64 1.0.0.1 3.23 31.76 34.99 OK
r-release-linux-x86_64 1.0.0.1 2.40 31.75 34.15 OK
r-release-macos-arm64 1.0.0.1 28.00 OK
r-release-macos-x86_64 1.0.0.1 33.00 OK
r-release-windows-x86_64 1.0.0.1 5.00 53.00 58.00 OK
r-oldrel-macos-arm64 1.0.0.1 20.00 NOTE
r-oldrel-macos-x86_64 1.0.0.1 26.00 NOTE
r-oldrel-windows-x86_64 1.0.0.1 5.00 54.00 59.00 OK

Additional issues

donttest

Check Details

Version: 1.0.0.1
Check: dependencies in R code
Result: NOTE Namespace in Imports field not imported from: ‘reticulate’ All declared Imports should be used. Flavors: r-devel-linux-x86_64-fedora-clang, r-devel-linux-x86_64-fedora-gcc, r-oldrel-macos-arm64, r-oldrel-macos-x86_64