Last updated on 2023-09-23 23:00:51 CEST.
Flavor | Version | Tinstall | Tcheck | Ttotal | Status | Flags |
---|---|---|---|---|---|---|
r-devel-linux-x86_64-debian-clang | 1.0.1 | 7.50 | 110.79 | 118.29 | OK | |
r-devel-linux-x86_64-debian-gcc | 1.0.1 | 6.85 | 89.33 | 96.18 | OK | |
r-devel-linux-x86_64-fedora-clang | 1.0.1 | 140.07 | NOTE | |||
r-devel-linux-x86_64-fedora-gcc | 1.0.1 | 166.00 | NOTE | |||
r-devel-windows-x86_64 | 1.0.1 | 11.00 | 104.00 | 115.00 | OK | |
r-patched-linux-x86_64 | 1.0.1 | 7.71 | 106.78 | 114.49 | OK | |
r-release-linux-x86_64 | 1.0.1 | 7.00 | 105.17 | 112.17 | OK | |
r-release-macos-arm64 | 1.0.1 | 63.00 | OK | |||
r-release-macos-x86_64 | 1.0.1 | 91.00 | OK | |||
r-release-windows-x86_64 | 1.0.1 | 13.00 | 124.00 | 137.00 | OK | |
r-oldrel-macos-arm64 | 1.0.1 | 52.00 | NOTE | |||
r-oldrel-macos-x86_64 | 1.0.1 | 83.00 | NOTE | |||
r-oldrel-windows-x86_64 | 1.0.1 | 14.00 | 126.00 | 140.00 | OK |
Version: 1.0.1
Check: dependencies in R code
Result: NOTE
Namespace in Imports field not imported from: ‘nlme’
All declared Imports should be used.
Flavors: r-devel-linux-x86_64-fedora-clang, r-devel-linux-x86_64-fedora-gcc, r-oldrel-macos-arm64, r-oldrel-macos-x86_64