Last updated on 2024-03-28 23:01:50 CET.
Flavor | Version | Tinstall | Tcheck | Ttotal | Status | Flags |
---|---|---|---|---|---|---|
r-devel-linux-x86_64-debian-clang | 0.3.3 | 1.94 | 30.44 | 32.38 | OK | |
r-devel-linux-x86_64-debian-gcc | 0.3.3 | 2.03 | 23.87 | 25.90 | OK | |
r-devel-linux-x86_64-fedora-clang | 0.3.3 | 47.09 | OK | |||
r-devel-linux-x86_64-fedora-gcc | 0.3.3 | 60.30 | OK | |||
r-devel-windows-x86_64 | 0.3.3 | 3.00 | 47.00 | 50.00 | OK | |
r-patched-linux-x86_64 | 0.3.3 | 2.83 | 30.36 | 33.19 | OK | |
r-release-linux-x86_64 | 0.3.3 | 2.06 | 28.67 | 30.73 | OK | |
r-release-macos-arm64 | 0.3.3 | 26.00 | NOTE | |||
r-release-macos-x86_64 | 0.3.3 | 35.00 | NOTE | |||
r-release-windows-x86_64 | 0.3.3 | 3.00 | 47.00 | 50.00 | OK | |
r-oldrel-macos-arm64 | 0.3.3 | 23.00 | OK | |||
r-oldrel-windows-x86_64 | 0.3.3 | 4.00 | 51.00 | 55.00 | OK |
Version: 0.3.3
Check: package dependencies
Result: NOTE
Packages suggested but not available for checking:
'minfi', 'GEOquery', 'IlluminaHumanMethylation450kmanifest'
Flavor: r-release-macos-arm64
Version: 0.3.3
Check: package dependencies
Result: NOTE
Packages suggested but not available for checking:
'minfi', 'IlluminaHumanMethylation450kmanifest'
Flavor: r-release-macos-x86_64