CRAN Package Check Results for Package MLMOI

Last updated on 2022-01-27 23:01:09 CET.

Flavor Version Tinstall Tcheck Ttotal Status Flags
r-devel-linux-x86_64-debian-clang 0.1.1 6.76 68.01 74.77 NOTE
r-devel-linux-x86_64-debian-gcc 0.1.1 4.97 53.06 58.03 NOTE
r-devel-linux-x86_64-fedora-clang 0.1.1 89.30 NOTE
r-devel-linux-x86_64-fedora-gcc 0.1.1 77.31 NOTE
r-devel-windows-x86_64-new-UL 0.1.1 64.00 105.00 169.00 NOTE
r-devel-windows-x86_64-new-TK 0.1.1 NOTE
r-patched-linux-x86_64 0.1.1 4.48 67.55 72.03 NOTE
r-release-linux-x86_64 0.1.1 4.79 66.79 71.58 NOTE
r-release-macos-arm64 0.1.1 NOTE
r-release-macos-x86_64 0.1.1 NOTE
r-release-windows-ix86+x86_64 0.1.1 10.00 79.00 89.00 NOTE
r-oldrel-macos-x86_64 0.1.1 OK
r-oldrel-windows-ix86+x86_64 0.1.1 10.00 76.00 86.00 OK

Check Details

Version: 0.1.1
Check: LazyData
Result: NOTE
     'LazyData' is specified without a 'data' directory
Flavors: r-devel-linux-x86_64-debian-clang, r-devel-linux-x86_64-debian-gcc, r-devel-linux-x86_64-fedora-clang, r-devel-linux-x86_64-fedora-gcc, r-devel-windows-x86_64-new-UL, r-devel-windows-x86_64-new-TK, r-patched-linux-x86_64, r-release-linux-x86_64, r-release-macos-arm64, r-release-macos-x86_64, r-release-windows-ix86+x86_64