CRAN Package Check Results for Package MLZ

Last updated on 2020-02-22 22:47:52 CET.

Flavor Version Tinstall Tcheck Ttotal Status Flags
r-devel-linux-x86_64-debian-clang 0.1.3 160.36 115.55 275.91 OK
r-devel-linux-x86_64-debian-gcc 0.1.3 116.91 87.00 203.91 OK
r-devel-linux-x86_64-fedora-clang 0.1.3 383.34 WARN
r-devel-linux-x86_64-fedora-gcc 0.1.3 353.80 OK
r-devel-windows-ix86+x86_64 0.1.3 180.00 166.00 346.00 NOTE
r-devel-windows-ix86+x86_64-gcc8 0.1.3 260.00 221.00 481.00 NOTE
r-patched-linux-x86_64 0.1.3 OK
r-patched-solaris-x86 0.1.3 308.70 OK
r-release-linux-x86_64 0.1.3 108.67 101.20 209.87 OK
r-release-windows-ix86+x86_64 0.1.3 174.00 161.00 335.00 NOTE
r-release-osx-x86_64 0.1.3 NOTE
r-oldrel-windows-ix86+x86_64 0.1.3 171.00 148.00 319.00 NOTE
r-oldrel-osx-x86_64 0.1.3 NOTE

Check Details

Version: 0.1.3
Check: package dependencies
Result: WARN
    Requires orphaned package: ‘gplots’
Flavor: r-devel-linux-x86_64-fedora-clang

Version: 0.1.3
Check: installed package size
Result: NOTE
     installed size is 24.3Mb
     sub-directories of 1Mb or more:
     libs 23.8Mb
Flavors: r-devel-linux-x86_64-fedora-clang, r-devel-windows-ix86+x86_64, r-devel-windows-ix86+x86_64-gcc8, r-release-windows-ix86+x86_64, r-release-osx-x86_64, r-oldrel-windows-ix86+x86_64, r-oldrel-osx-x86_64