CRAN Package Check Results for Package MLZ

Last updated on 2024-03-02 22:41:59 CET.

Flavor Version Tinstall Tcheck Ttotal Status Flags
r-devel-linux-x86_64-debian-clang 0.1.4 158.08 143.01 301.09 NOTE
r-devel-linux-x86_64-debian-gcc 0.1.4 134.17 112.08 246.25 NOTE
r-devel-linux-x86_64-fedora-clang 0.1.4 357.97 NOTE
r-devel-linux-x86_64-fedora-gcc 0.1.4 406.29 NOTE
r-devel-windows-x86_64 0.1.4 88.00 148.00 236.00 NOTE
r-patched-linux-x86_64 0.1.4 138.58 143.91 282.49 NOTE
r-release-linux-x86_64 0.1.4 152.67 143.98 296.65 NOTE
r-release-macos-arm64 0.1.4 141.00 NOTE
r-release-macos-x86_64 0.1.4 168.00 NOTE
r-release-windows-x86_64 0.1.4 131.00 186.00 317.00 NOTE
r-oldrel-macos-arm64 0.1.4 122.00 NOTE
r-oldrel-windows-x86_64 0.1.4 118.00 183.00 301.00 NOTE

Additional issues

noRemap

Check Details

Version: 0.1.4
Check: package subdirectories
Result: NOTE Problems with news in ‘NEWS.md’: No news entries found. Flavors: r-devel-linux-x86_64-debian-clang, r-devel-linux-x86_64-debian-gcc, r-devel-linux-x86_64-fedora-clang, r-devel-linux-x86_64-fedora-gcc, r-devel-windows-x86_64, r-patched-linux-x86_64, r-release-linux-x86_64, r-release-macos-arm64, r-release-macos-x86_64, r-release-windows-x86_64

Version: 0.1.4
Check: installed package size
Result: NOTE installed size is 13.7Mb sub-directories of 1Mb or more: libs 13.2Mb Flavors: r-devel-windows-x86_64, r-release-macos-arm64, r-release-macos-x86_64, r-release-windows-x86_64, r-oldrel-macos-arm64, r-oldrel-windows-x86_64