CRAN Package Check Results for Package MLZ

Last updated on 2019-09-20 22:50:06 CEST.

Flavor Version Tinstall Tcheck Ttotal Status Flags
r-devel-linux-x86_64-debian-clang 0.1.1 161.65 101.94 263.59 NOTE
r-devel-linux-x86_64-debian-gcc 0.1.1 120.54 81.19 201.73 NOTE
r-devel-linux-x86_64-fedora-clang 0.1.1 366.35 NOTE
r-devel-linux-x86_64-fedora-gcc 0.1.3 354.25 OK
r-devel-windows-ix86+x86_64 0.1.1 233.00 210.00 443.00 NOTE
r-patched-linux-x86_64 0.1.1 107.09 99.03 206.12 NOTE
r-patched-solaris-x86 0.1.1 307.90 NOTE
r-release-linux-x86_64 0.1.1 109.47 100.26 209.73 NOTE
r-release-windows-ix86+x86_64 0.1.1 183.00 150.00 333.00 NOTE
r-release-osx-x86_64 0.1.1 NOTE
r-oldrel-windows-ix86+x86_64 0.1.1 157.00 134.00 291.00 NOTE
r-oldrel-osx-x86_64 0.1.1 NOTE

Check Details

Version: 0.1.1
Check: line endings in C/C++/Fortran sources/headers
Result: NOTE
    Found the following sources/headers with CR or CRLF line endings:
     inst/include/ML.h
     inst/include/MLCR.h
     inst/include/MLeffort.h
     inst/include/MSM1S.h
     inst/include/MSM23.h
     inst/include/functions.h
    Some Unix compilers require LF line endings.
Flavors: r-devel-linux-x86_64-debian-clang, r-devel-linux-x86_64-debian-gcc, r-devel-linux-x86_64-fedora-clang, r-devel-windows-ix86+x86_64, r-patched-linux-x86_64, r-patched-solaris-x86, r-release-linux-x86_64, r-release-windows-ix86+x86_64, r-release-osx-x86_64

Version: 0.1.1
Check: installed package size
Result: NOTE
     installed size is 24.3Mb
     sub-directories of 1Mb or more:
     libs 23.8Mb
Flavors: r-devel-linux-x86_64-fedora-clang, r-devel-windows-ix86+x86_64, r-release-windows-ix86+x86_64, r-release-osx-x86_64, r-oldrel-windows-ix86+x86_64, r-oldrel-osx-x86_64