CRAN Package Check Results for Package MLmetrics

Last updated on 2024-04-16 22:55:31 CEST.

Flavor Version Tinstall Tcheck Ttotal Status Flags
r-devel-linux-x86_64-debian-clang 1.1.3 2.80 25.14 27.94 OK
r-devel-linux-x86_64-debian-gcc 1.1.3 1.73 19.52 21.25 OK
r-devel-linux-x86_64-fedora-clang 1.1.3 35.58 NOTE
r-devel-linux-x86_64-fedora-gcc 1.1.3 34.83 NOTE
r-prerel-macos-arm64 1.1.3 16.00 OK
r-prerel-macos-x86_64 1.1.3 36.00 OK
r-prerel-windows-x86_64 1.1.3 4.00 58.00 62.00 OK
r-patched-linux-x86_64 1.1.1 3.38 24.35 27.73 NOTE
r-release-linux-x86_64 1.1.1 2.38 25.13 27.51 NOTE
r-release-macos-arm64 1.1.3 20.00 OK
r-release-macos-x86_64 1.1.3 30.00 OK
r-release-windows-x86_64 1.1.3 6.00 51.00 57.00 OK
r-oldrel-macos-arm64 1.1.3 21.00 OK
r-oldrel-windows-x86_64 1.1.1 4.00 46.00 50.00 NOTE

Check Details

Version: 1.1.3
Check: dependencies in R code
Result: NOTE Namespace in Imports field not imported from: ‘utils’ All declared Imports should be used. Flavors: r-devel-linux-x86_64-fedora-clang, r-devel-linux-x86_64-fedora-gcc

Version: 1.1.1
Check: LazyData
Result: NOTE 'LazyData' is specified without a 'data' directory Flavors: r-patched-linux-x86_64, r-release-linux-x86_64, r-oldrel-windows-x86_64