CRAN Package Check Results for Package MMD

Last updated on 2021-05-16 22:49:58 CEST.

Flavor Version Tinstall Tcheck Ttotal Status Flags
r-devel-linux-x86_64-debian-clang 1.0.0 3.65 64.88 68.53 NOTE
r-devel-linux-x86_64-debian-gcc 1.0.0 2.75 49.07 51.82 NOTE
r-devel-linux-x86_64-fedora-clang 1.0.0 87.79 NOTE
r-devel-linux-x86_64-fedora-gcc 1.0.0 78.46 NOTE
r-devel-windows-ix86+x86_64 1.0.0 8.00 86.00 94.00 NOTE
r-devel-windows-x86_64-gcc10-UCRT 1.0.0 NOTE
r-patched-linux-x86_64 1.0.0 3.51 62.74 66.25 NOTE
r-patched-solaris-x86 1.0.0 105.50 NOTE
r-release-linux-x86_64 1.0.0 3.46 61.52 64.98 OK
r-release-macos-x86_64 1.0.0 OK
r-release-windows-ix86+x86_64 1.0.0 7.00 64.00 71.00 OK
r-oldrel-macos-x86_64 1.0.0 OK
r-oldrel-windows-ix86+x86_64 1.0.0 5.00 69.00 74.00 OK

Check Details

Version: 1.0.0
Check: LazyData
Result: NOTE
     'LazyData' is specified without a 'data' directory
Flavors: r-devel-linux-x86_64-debian-clang, r-devel-linux-x86_64-debian-gcc, r-devel-linux-x86_64-fedora-clang, r-devel-linux-x86_64-fedora-gcc, r-devel-windows-ix86+x86_64, r-devel-windows-x86_64-gcc10-UCRT, r-patched-linux-x86_64, r-patched-solaris-x86