CRAN Package Check Results for Package MMDvariance

Last updated on 2021-10-24 22:50:27 CEST.

Flavor Version Tinstall Tcheck Ttotal Status Flags
r-devel-linux-x86_64-debian-clang 0.0.9 6.29 55.87 62.16 OK
r-devel-linux-x86_64-debian-gcc 0.0.9 6.08 42.68 48.76 OK
r-devel-linux-x86_64-fedora-clang 0.0.9 88.49 OK
r-devel-linux-x86_64-fedora-gcc 0.0.9 73.76 OK
r-devel-windows-x86_64 0.0.9 11.00 52.00 63.00 OK
r-devel-windows-x86_64-gcc10-UCRT 0.0.9 OK
r-patched-linux-x86_64 0.0.9 7.70 54.23 61.93 OK
r-patched-solaris-x86 0.0.9 100.50 OK
r-release-linux-x86_64 0.0.9 5.70 54.13 59.83 OK
r-release-macos-arm64 0.0.9 OK
r-release-macos-x86_64 0.0.9 ERROR
r-release-windows-ix86+x86_64 0.0.9 9.00 72.00 81.00 OK
r-oldrel-macos-x86_64 0.0.9 ERROR
r-oldrel-windows-ix86+x86_64 0.0.9 16.00 79.00 95.00 OK

Check Details

Version: 0.0.9
Check: package dependencies
Result: NOTE
    Package suggested but not available for checking: ‘ALL’
Flavors: r-release-macos-x86_64, r-oldrel-macos-x86_64

Version: 0.0.9
Check: examples
Result: ERROR
    Running examples in ‘MMDvariance-Ex.R’ failed
    The error most likely occurred in:
    
    > ### Name: gsMMD.v
    > ### Title: Gene selection based on variances by using a mixture of marginal
    > ### distributions
    > ### Aliases: gsMMD.v
    > ### Keywords: classif
    >
    > ### ** Examples
    >
    > t1 = proc.time()
    > library(ALL)
    Error in library(ALL) : there is no package called ‘ALL’
    Execution halted
Flavors: r-release-macos-x86_64, r-oldrel-macos-x86_64