CRAN Package Check Results for Package MMDvariance

Last updated on 2021-07-31 22:53:38 CEST.

Flavor Version Tinstall Tcheck Ttotal Status Flags
r-devel-linux-x86_64-debian-clang 0.0.9 5.71 57.00 62.71 OK
r-devel-linux-x86_64-debian-gcc 0.0.9 5.48 45.48 50.96 OK
r-devel-linux-x86_64-fedora-clang 0.0.9 85.03 OK
r-devel-linux-x86_64-fedora-gcc 0.0.9 77.17 OK
r-devel-windows-x86_64 0.0.9 7.00 76.00 83.00 OK
r-devel-windows-x86_64-gcc10-UCRT 0.0.9 OK
r-patched-linux-x86_64 0.0.9 OK
r-patched-solaris-x86 0.0.9 103.70 OK
r-release-linux-x86_64 0.0.9 5.63 55.78 61.41 OK
r-release-macos-arm64 0.0.9 ERROR
r-release-macos-x86_64 0.0.9 ERROR
r-release-windows-ix86+x86_64 0.0.9 14.00 60.00 74.00 OK
r-oldrel-macos-x86_64 0.0.9 ERROR
r-oldrel-windows-ix86+x86_64 0.0.9 12.00 75.00 87.00 OK

Check Details

Version: 0.0.9
Check: package dependencies
Result: NOTE
    Package suggested but not available for checking: ‘ALL’
Flavors: r-release-macos-arm64, r-release-macos-x86_64, r-oldrel-macos-x86_64

Version: 0.0.9
Check: examples
Result: ERROR
    Running examples in ‘MMDvariance-Ex.R’ failed
    The error most likely occurred in:
    
    > ### Name: gsMMD.v
    > ### Title: Gene selection based on variances by using a mixture of marginal
    > ### distributions
    > ### Aliases: gsMMD.v
    > ### Keywords: classif
    >
    > ### ** Examples
    >
    > t1 = proc.time()
    > library(ALL)
    Error in library(ALL) : there is no package called ‘ALL’
    Execution halted
Flavors: r-release-macos-arm64, r-release-macos-x86_64, r-oldrel-macos-x86_64