CRAN Package Check Results for Package MNLR

Last updated on 2021-05-15 22:50:17 CEST.

Flavor Version Tinstall Tcheck Ttotal Status Flags
r-devel-linux-x86_64-debian-clang 0.1.0 2.25 20.73 22.98 NOTE
r-devel-linux-x86_64-debian-gcc 0.1.0 1.73 16.20 17.93 NOTE
r-devel-linux-x86_64-fedora-clang 0.1.0 38.64 NOTE
r-devel-linux-x86_64-fedora-gcc 0.1.0 26.79 NOTE
r-devel-windows-ix86+x86_64 0.1.0 9.00 37.00 46.00 NOTE
r-devel-windows-x86_64-gcc10-UCRT 0.1.0 NOTE
r-patched-linux-x86_64 0.1.0 2.34 20.55 22.89 NOTE
r-patched-solaris-x86 0.1.0 44.90 NOTE
r-release-linux-x86_64 0.1.0 1.86 20.12 21.98 OK
r-release-macos-x86_64 0.1.0 NOTE
r-release-windows-ix86+x86_64 0.1.0 5.00 35.00 40.00 OK
r-oldrel-macos-x86_64 0.1.0 NOTE
r-oldrel-windows-ix86+x86_64 0.1.0 3.00 29.00 32.00 OK

Check Details

Version: 0.1.0
Check: LazyData
Result: NOTE
     'LazyData' is specified without a 'data' directory
Flavors: r-devel-linux-x86_64-debian-clang, r-devel-linux-x86_64-debian-gcc, r-devel-linux-x86_64-fedora-clang, r-devel-linux-x86_64-fedora-gcc, r-devel-windows-ix86+x86_64, r-devel-windows-x86_64-gcc10-UCRT, r-patched-linux-x86_64, r-patched-solaris-x86

Version: 0.1.0
Check: dependencies in R code
Result: NOTE
    Namespaces in Imports field not imported from:
     ‘caret’ ‘datasets’ ‘e1071’ ‘nnet’ ‘shiny’ ‘stats’
     All declared Imports should be used.
Flavors: r-devel-linux-x86_64-fedora-clang, r-devel-linux-x86_64-fedora-gcc, r-devel-windows-x86_64-gcc10-UCRT, r-patched-solaris-x86, r-release-macos-x86_64, r-oldrel-macos-x86_64