CRAN Package Check Results for Package MODIStsp

Last updated on 2021-05-13 22:51:06 CEST.

Flavor Version Tinstall Tcheck Ttotal Status Flags
r-devel-linux-x86_64-debian-clang 2.0.5 15.14 136.08 151.22 NOTE
r-devel-linux-x86_64-debian-gcc 2.0.5 12.90 101.49 114.39 NOTE
r-devel-linux-x86_64-fedora-clang 2.0.5 186.69 NOTE
r-devel-linux-x86_64-fedora-gcc 2.0.5 175.10 NOTE
r-devel-windows-ix86+x86_64 2.0.5 36.00 161.00 197.00 NOTE
r-devel-windows-x86_64-gcc10-UCRT 2.0.5 NOTE
r-patched-linux-x86_64 2.0.5 13.99 130.38 144.37 NOTE
r-patched-solaris-x86 2.0.5 250.60 NOTE
r-release-linux-x86_64 2.0.5 13.98 125.41 139.39 OK
r-release-macos-x86_64 2.0.5 OK
r-release-windows-ix86+x86_64 2.0.5 23.00 159.00 182.00 OK
r-oldrel-macos-x86_64 2.0.5 OK
r-oldrel-windows-ix86+x86_64 2.0.5 32.00 150.00 182.00 OK

Check Details

Version: 2.0.5
Check: LazyData
Result: NOTE
     'LazyData' is specified without a 'data' directory
Flavors: r-devel-linux-x86_64-debian-clang, r-devel-linux-x86_64-debian-gcc, r-devel-linux-x86_64-fedora-clang, r-devel-linux-x86_64-fedora-gcc, r-devel-windows-ix86+x86_64, r-devel-windows-x86_64-gcc10-UCRT, r-patched-linux-x86_64, r-patched-solaris-x86