CRAN Package Check Results for Package MODIStsp

Last updated on 2019-09-21 22:49:02 CEST.

Flavor Version Tinstall Tcheck Ttotal Status Flags
r-devel-linux-x86_64-debian-clang 1.3.9 19.08 157.08 176.16 OK
r-devel-linux-x86_64-debian-gcc 1.3.9 16.61 122.53 139.14 OK
r-devel-linux-x86_64-fedora-clang 1.3.9 226.41 OK
r-devel-linux-x86_64-fedora-gcc 1.3.9 224.47 OK
r-devel-windows-ix86+x86_64 1.3.9 141.00 7.00 148.00 ERROR
r-patched-linux-x86_64 1.3.9 17.32 151.96 169.28 OK
r-patched-solaris-x86 1.3.9 315.40 OK
r-release-linux-x86_64 1.3.9 17.34 153.74 171.08 OK
r-release-windows-ix86+x86_64 1.3.9 31.00 164.00 195.00 OK
r-release-osx-x86_64 1.3.9 OK
r-oldrel-windows-ix86+x86_64 1.3.9 19.00 153.00 172.00 OK
r-oldrel-osx-x86_64 1.3.9 OK

Check Details

Version: 1.3.9
Check: whether package can be installed
Result: ERROR
    Installation failed.
Flavor: r-devel-windows-ix86+x86_64