CRAN Package Check Results for Package MPN

Last updated on 2024-03-02 22:41:59 CET.

Flavor Version Tinstall Tcheck Ttotal Status Flags
r-devel-linux-x86_64-debian-clang 0.3.0 2.56 32.51 35.07 NOTE
r-devel-linux-x86_64-debian-gcc 0.3.0 1.70 25.57 27.27 NOTE
r-devel-linux-x86_64-fedora-clang 0.3.0 45.17 NOTE
r-devel-linux-x86_64-fedora-gcc 0.3.0 57.75 NOTE
r-devel-windows-x86_64 0.3.0 3.00 47.00 50.00 NOTE
r-patched-linux-x86_64 0.3.0 2.31 31.93 34.24 NOTE
r-release-linux-x86_64 0.3.0 1.68 32.37 34.05 NOTE
r-release-macos-arm64 0.3.0 29.00 NOTE
r-release-macos-x86_64 0.3.0 37.00 NOTE
r-release-windows-x86_64 0.3.0 3.00 50.00 53.00 NOTE
r-oldrel-macos-arm64 0.3.0 24.00 NOTE
r-oldrel-windows-x86_64 0.3.0 4.00 52.00 56.00 NOTE

Check Details

Version: 0.3.0
Check: Rd files
Result: NOTE checkRd: (-1) apc.Rd:28: Lost braces in \itemize; \value handles \item{}{} directly checkRd: (-1) apc.Rd:29: Lost braces in \itemize; \value handles \item{}{} directly checkRd: (-1) apc.Rd:30: Lost braces in \itemize; \value handles \item{}{} directly checkRd: (-1) apc.Rd:31: Lost braces in \itemize; \value handles \item{}{} directly checkRd: (-1) mpn.Rd:28-29: Lost braces in \itemize; \value handles \item{}{} directly checkRd: (-1) mpn.Rd:30: Lost braces in \itemize; \value handles \item{}{} directly checkRd: (-1) mpn.Rd:31-35: Lost braces in \itemize; \value handles \item{}{} directly checkRd: (-1) mpn.Rd:36-40: Lost braces in \itemize; \value handles \item{}{} directly checkRd: (-1) mpn.Rd:41: Lost braces in \itemize; \value handles \item{}{} directly checkRd: (-1) mpn.Rd:42: Lost braces in \itemize; \value handles \item{}{} directly checkRd: (-1) mpn.Rd:43: Lost braces in \itemize; \value handles \item{}{} directly checkRd: (-1) mpn.Rd:44: Lost braces in \itemize; \value handles \item{}{} directly checkRd: (-1) mpn.Rd:45: Lost braces in \itemize; \value handles \item{}{} directly Flavors: r-devel-linux-x86_64-debian-clang, r-devel-linux-x86_64-debian-gcc, r-devel-linux-x86_64-fedora-clang, r-devel-linux-x86_64-fedora-gcc

Version: 0.3.0
Check: LazyData
Result: NOTE 'LazyData' is specified without a 'data' directory Flavors: r-devel-linux-x86_64-debian-clang, r-devel-linux-x86_64-debian-gcc, r-devel-linux-x86_64-fedora-clang, r-devel-linux-x86_64-fedora-gcc, r-devel-windows-x86_64, r-patched-linux-x86_64, r-release-linux-x86_64, r-release-macos-arm64, r-release-macos-x86_64, r-release-windows-x86_64, r-oldrel-macos-arm64, r-oldrel-windows-x86_64