CRAN Package Check Results for Package MPN

Last updated on 2023-09-25 22:12:44 CEST.

Flavor Version Tinstall Tcheck Ttotal Status Flags
r-devel-linux-x86_64-debian-clang 0.3.0 1.79 32.75 34.54 NOTE
r-devel-linux-x86_64-debian-gcc 0.3.0 1.73 25.01 26.74 NOTE
r-devel-linux-x86_64-fedora-clang 0.3.0 43.92 NOTE
r-devel-linux-x86_64-fedora-gcc 0.3.0 56.35 NOTE
r-devel-windows-x86_64 0.3.0 7.00 48.00 55.00 NOTE
r-patched-linux-x86_64 0.3.0 2.57 31.23 33.80 NOTE
r-release-linux-x86_64 0.3.0 2.03 31.70 33.73 NOTE
r-release-macos-arm64 0.3.0 29.00 NOTE
r-release-macos-x86_64 0.3.0 37.00 NOTE
r-release-windows-x86_64 0.3.0 5.00 50.00 55.00 NOTE
r-oldrel-macos-arm64 0.3.0 24.00 NOTE
r-oldrel-macos-x86_64 0.3.0 25.00 NOTE
r-oldrel-windows-x86_64 0.3.0 6.00 51.00 57.00 NOTE

Check Details

Version: 0.3.0
Check: LazyData
Result: NOTE
     'LazyData' is specified without a 'data' directory
Flavors: r-devel-linux-x86_64-debian-clang, r-devel-linux-x86_64-debian-gcc, r-devel-linux-x86_64-fedora-clang, r-devel-linux-x86_64-fedora-gcc, r-devel-windows-x86_64, r-patched-linux-x86_64, r-release-linux-x86_64, r-release-macos-arm64, r-release-macos-x86_64, r-release-windows-x86_64, r-oldrel-macos-arm64, r-oldrel-macos-x86_64, r-oldrel-windows-x86_64