Last updated on 2024-04-18 22:52:49 CEST.
Flavor | Version | Tinstall | Tcheck | Ttotal | Status | Flags |
---|---|---|---|---|---|---|
r-devel-linux-x86_64-debian-clang | 1.14.1 | 80.40 | 251.21 | 331.61 | NOTE | |
r-devel-linux-x86_64-debian-gcc | 1.14.1 | 62.65 | 187.23 | 249.88 | NOTE | |
r-devel-linux-x86_64-fedora-clang | 1.14.1 | 403.26 | NOTE | |||
r-devel-linux-x86_64-fedora-gcc | 1.14.1 | 417.51 | NOTE | |||
r-prerel-macos-arm64 | 1.14.1 | 107.00 | NOTE | |||
r-prerel-windows-x86_64 | 1.14.1 | 57.00 | 228.00 | 285.00 | NOTE | |
r-patched-linux-x86_64 | 1.14.1 | 76.49 | 236.47 | 312.96 | NOTE | |
r-release-linux-x86_64 | 1.14.1 | 72.45 | 237.26 | 309.71 | OK | |
r-release-macos-arm64 | 1.14.1 | 123.00 | NOTE | |||
r-release-macos-x86_64 | 1.14.1 | 199.00 | NOTE | |||
r-release-windows-x86_64 | 1.14.1 | 72.00 | 296.00 | 368.00 | OK | |
r-oldrel-macos-arm64 | 1.14.1 | 85.00 | NOTE | |||
r-oldrel-windows-x86_64 | 1.14.1 | 70.00 | 284.00 | 354.00 | OK |
Version: 1.14.1
Check: Rd files
Result: NOTE
checkRd: (-1) get.mpt.fia.Rd:60: Lost braces
60 | \item{lnconst}{When inequality constraints are present, \code{lnconst} serves as an adjustment of code{lnInt}. It estimates the logarithm of the proportion of parameter space [0,1]^S that satisfies those inequality constraints, and the log integral term is given by \code{lnInt+lnconst}.
| ^
checkRd: (-1) prediction.plot.Rd:38: Lost braces
38 | The labels on the x-axis. Default is \code{Tree 1} to code{Tree n}.
| ^
Flavors: r-devel-linux-x86_64-debian-clang, r-devel-linux-x86_64-debian-gcc, r-devel-linux-x86_64-fedora-clang, r-devel-linux-x86_64-fedora-gcc, r-prerel-macos-arm64, r-prerel-windows-x86_64, r-patched-linux-x86_64
Version: 1.14.1
Check: installed package size
Result: NOTE
installed size is 13.3Mb
sub-directories of 1Mb or more:
libs 12.3Mb
Flavors: r-prerel-macos-arm64, r-release-macos-arm64, r-release-macos-x86_64, r-oldrel-macos-arm64