CRAN Package Check Results for Package MPTmultiverse

Last updated on 2021-05-14 23:50:52 CEST.

Flavor Version Tinstall Tcheck Ttotal Status Flags
r-devel-linux-x86_64-debian-clang 0.4-2 7.11 72.19 79.30 NOTE
r-devel-linux-x86_64-debian-gcc 0.4-2 4.01 55.21 59.22 NOTE
r-devel-linux-x86_64-fedora-clang 0.4-2 102.26 NOTE
r-devel-linux-x86_64-fedora-gcc 0.4-2 92.35 NOTE
r-devel-windows-ix86+x86_64 0.4-2 14.00 123.00 137.00 NOTE
r-devel-windows-x86_64-gcc10-UCRT 0.4-2 NOTE
r-patched-linux-x86_64 0.4-2 5.75 69.32 75.07 NOTE
r-patched-solaris-x86 0.4-2 155.50 NOTE
r-release-linux-x86_64 0.4-2 6.75 67.88 74.63 OK
r-release-macos-x86_64 0.4-2 OK
r-release-windows-ix86+x86_64 0.4-2 11.00 122.00 133.00 OK
r-oldrel-macos-x86_64 0.4-2 OK
r-oldrel-windows-ix86+x86_64 0.4-2 9.00 120.00 129.00 OK

Check Details

Version: 0.4-2
Check: LazyData
Result: NOTE
     'LazyData' is specified without a 'data' directory
Flavors: r-devel-linux-x86_64-debian-clang, r-devel-linux-x86_64-debian-gcc, r-devel-linux-x86_64-fedora-clang, r-devel-linux-x86_64-fedora-gcc, r-devel-windows-ix86+x86_64, r-devel-windows-x86_64-gcc10-UCRT, r-patched-linux-x86_64, r-patched-solaris-x86