CRAN Package Check Results for Package MRH

Last updated on 2021-05-15 22:50:18 CEST.

Flavor Version Tinstall Tcheck Ttotal Status Flags
r-devel-linux-x86_64-debian-clang 2.2 15.97 88.86 104.83 NOTE
r-devel-linux-x86_64-debian-gcc 2.2 11.97 67.46 79.43 NOTE
r-devel-linux-x86_64-fedora-clang 2.2 134.86 NOTE
r-devel-linux-x86_64-fedora-gcc 2.2 121.85 NOTE
r-devel-windows-ix86+x86_64 2.2 29.00 100.00 129.00 OK
r-devel-windows-x86_64-gcc10-UCRT 2.2 OK
r-patched-linux-x86_64 2.2 14.82 86.40 101.22 NOTE
r-patched-solaris-x86 2.2 163.60 NOTE
r-release-linux-x86_64 2.2 12.69 81.44 94.13 NOTE
r-release-macos-x86_64 2.2 OK
r-release-windows-ix86+x86_64 2.2 23.00 133.00 156.00 OK
r-oldrel-macos-x86_64 2.2 OK
r-oldrel-windows-ix86+x86_64 2.2 21.00 119.00 140.00 OK

Check Details

Version: 2.2
Check: for non-standard things in the check directory
Result: NOTE
    Found the following files/directories:
     'MRH_lung'
Flavors: r-devel-linux-x86_64-debian-clang, r-devel-linux-x86_64-debian-gcc, r-devel-linux-x86_64-fedora-clang, r-devel-linux-x86_64-fedora-gcc, r-patched-linux-x86_64, r-patched-solaris-x86, r-release-linux-x86_64

Version: 2.2
Check: compiled code
Result: NOTE
    File ‘MRH/libs/MRH.so’:
     Found no calls to: ‘R_registerRoutines’, ‘R_useDynamicSymbols’
    
    It is good practice to register native routines and to disable symbol
    search.
    
    See ‘Writing portable packages’ in the ‘Writing R Extensions’ manual.
Flavors: r-devel-linux-x86_64-fedora-clang, r-devel-linux-x86_64-fedora-gcc