CRAN Package Check Results for Package MRPC

Last updated on 2021-05-16 22:49:58 CEST.

Flavor Version Tinstall Tcheck Ttotal Status Flags
r-devel-linux-x86_64-debian-clang 2.3.1 34.93 300.54 335.47 OK
r-devel-linux-x86_64-debian-gcc 2.3.1 31.02 224.19 255.21 OK
r-devel-linux-x86_64-fedora-clang 2.3.1 451.28 OK
r-devel-linux-x86_64-fedora-gcc 2.3.1 452.08 OK
r-devel-windows-ix86+x86_64 2.3.1 88.00 337.00 425.00 OK
r-devel-windows-x86_64-gcc10-UCRT 2.3.1 ERROR
r-patched-linux-x86_64 2.3.1 40.64 283.19 323.83 OK
r-patched-solaris-x86 2.3.1 602.40 OK
r-release-linux-x86_64 2.3.1 30.71 251.37 282.08 OK
r-release-macos-x86_64 2.3.1 OK
r-release-windows-ix86+x86_64 2.3.1 49.00 219.00 268.00 OK
r-oldrel-macos-x86_64 2.3.1 ERROR
r-oldrel-windows-ix86+x86_64 2.3.1 63.00 283.00 346.00 OK

Check Details

Version: 2.3.1
Check: package dependencies
Result: ERROR
    Package required but not available: 'Rgraphviz'
    
    See section 'The DESCRIPTION file' in the 'Writing R Extensions'
    manual.
Flavor: r-devel-windows-x86_64-gcc10-UCRT

Version: 2.3.1
Check: package dependencies
Result: ERROR
    Package required but not available: ‘WGCNA’
    
    See section ‘The DESCRIPTION file’ in the ‘Writing R Extensions’
    manual.
Flavor: r-oldrel-macos-x86_64