Last updated on 2024-03-28 23:01:50 CET.
Flavor | Version | Tinstall | Tcheck | Ttotal | Status | Flags |
---|---|---|---|---|---|---|
r-devel-linux-x86_64-debian-clang | 3.7.1 | 166.29 | 307.31 | 473.60 | OK | |
r-devel-linux-x86_64-debian-gcc | 3.7.1 | 132.41 | 214.83 | 347.24 | OK | |
r-devel-linux-x86_64-fedora-clang | 3.7.1 | 670.68 | NOTE | |||
r-devel-linux-x86_64-fedora-gcc | 3.7.1 | 597.55 | OK | |||
r-devel-windows-x86_64 | 3.7.1 | 134.00 | 246.00 | 380.00 | NOTE | |
r-patched-linux-x86_64 | 3.7.1 | 116.27 | 294.32 | 410.59 | OK | |
r-release-linux-x86_64 | 3.7.1 | 144.32 | 284.43 | 428.75 | OK | |
r-release-macos-arm64 | 3.7.1 | 133.00 | NOTE | |||
r-release-macos-x86_64 | 3.7.1 | 254.00 | NOTE | |||
r-release-windows-x86_64 | 3.7.1 | 169.00 | 313.00 | 482.00 | NOTE | |
r-oldrel-macos-arm64 | 3.7.1 | 119.00 | NOTE | |||
r-oldrel-windows-x86_64 | 3.7.1 | 167.00 | 253.00 | 420.00 | NOTE |
Version: 3.7.1
Check: installed package size
Result: NOTE
installed size is 7.8Mb
sub-directories of 1Mb or more:
R 1.9Mb
data 4.4Mb
Flavors: r-devel-linux-x86_64-fedora-clang, r-devel-windows-x86_64, r-release-macos-arm64, r-release-macos-x86_64, r-release-windows-x86_64, r-oldrel-macos-arm64, r-oldrel-windows-x86_64