CRAN Package Check Results for Package MSGARCH

Last updated on 2024-06-13 22:49:36 CEST.

Flavor Version Tinstall Tcheck Ttotal Status Flags
r-devel-linux-x86_64-debian-clang 2.51 416.15 450.81 866.96 OK
r-devel-linux-x86_64-debian-gcc 2.51 319.13 286.60 605.73 ERROR
r-devel-linux-x86_64-fedora-clang 2.51 1117.53 NOTE
r-devel-linux-x86_64-fedora-gcc 2.51 1235.95 OK
r-devel-windows-x86_64 2.51 318.00 336.00 654.00 NOTE
r-patched-linux-x86_64 2.51 393.38 425.87 819.25 OK
r-release-linux-x86_64 2.51 408.59 428.15 836.74 OK
r-release-macos-arm64 2.51 204.00 NOTE
r-release-macos-x86_64 2.51 268.00 NOTE
r-release-windows-x86_64 2.51 318.00 344.00 662.00 NOTE
r-oldrel-macos-arm64 2.51 255.00 NOTE
r-oldrel-macos-x86_64 2.51 473.00 NOTE
r-oldrel-windows-x86_64 2.51 400.00 450.00 850.00 NOTE

Check Details

Version: 2.51
Check: package dependencies
Result: NOTE Package suggested but not available for checking: ‘testthat’ Flavor: r-devel-linux-x86_64-debian-gcc

Version: 2.51
Check: tests
Result: ERROR Running ‘testthat.R’ [0s/1s] Running the tests in ‘tests/testthat.R’ failed. Complete output: > library("testthat") Error in library("testthat") : there is no package called 'testthat' Execution halted Flavor: r-devel-linux-x86_64-debian-gcc

Version: 2.51
Check: installed package size
Result: NOTE installed size is 6.7Mb sub-directories of 1Mb or more: libs 6.2Mb Flavors: r-devel-linux-x86_64-fedora-clang, r-devel-windows-x86_64, r-release-macos-arm64, r-release-macos-x86_64, r-release-windows-x86_64, r-oldrel-macos-arm64, r-oldrel-macos-x86_64, r-oldrel-windows-x86_64