CRAN Package Check Results for Package MSGARCH

Last updated on 2021-05-11 22:49:54 CEST.

Flavor Version Tinstall Tcheck Ttotal Status Flags
r-devel-linux-x86_64-debian-clang 2.42 380.08 377.05 757.13 OK
r-devel-linux-x86_64-debian-gcc 2.42 294.23 281.48 575.71 OK
r-devel-linux-x86_64-fedora-clang 2.42 1010.48 NOTE
r-devel-linux-x86_64-fedora-gcc 2.42 992.82 OK
r-devel-windows-ix86+x86_64 2.42 691.00 661.00 1352.00 NOTE
r-devel-windows-x86_64-gcc10-UCRT 2.42 OK
r-patched-linux-x86_64 2.42 342.36 368.54 710.90 OK
r-patched-solaris-x86 2.42 971.30 NOTE
r-release-linux-x86_64 2.42 356.94 360.60 717.54 OK
r-release-macos-x86_64 2.42 NOTE
r-release-windows-ix86+x86_64 2.42 681.00 499.00 1180.00 NOTE
r-oldrel-macos-x86_64 2.42 NOTE
r-oldrel-windows-ix86+x86_64 2.42 860.00 625.00 1485.00 NOTE

Check Details

Version: 2.42
Check: installed package size
Result: NOTE
     installed size is 40.3Mb
     sub-directories of 1Mb or more:
     libs 39.8Mb
Flavors: r-devel-linux-x86_64-fedora-clang, r-devel-windows-ix86+x86_64, r-patched-solaris-x86, r-release-macos-x86_64, r-release-windows-ix86+x86_64, r-oldrel-macos-x86_64, r-oldrel-windows-ix86+x86_64