Last updated on 2024-04-18 22:52:49 CEST.
Flavor | Version | Tinstall | Tcheck | Ttotal | Status | Flags |
---|---|---|---|---|---|---|
r-devel-linux-x86_64-debian-clang | 0.3.3 | 35.80 | 275.95 | 311.75 | NOTE | |
r-devel-linux-x86_64-debian-gcc | 0.3.3 | 26.24 | 205.60 | 231.84 | NOTE | |
r-devel-linux-x86_64-fedora-clang | 0.3.3 | 405.00 | NOTE | |||
r-devel-linux-x86_64-fedora-gcc | 0.3.3 | 379.14 | NOTE | |||
r-prerel-macos-arm64 | 0.3.3 | 96.00 | NOTE | |||
r-prerel-macos-x86_64 | 0.3.3 | 198.00 | OK | |||
r-prerel-windows-x86_64 | 0.3.3 | 31.00 | 195.00 | 226.00 | NOTE | |
r-patched-linux-x86_64 | 0.3.3 | 36.30 | 269.14 | 305.44 | NOTE | |
r-release-linux-x86_64 | 0.3.3 | 29.43 | 272.52 | 301.95 | OK | |
r-release-macos-arm64 | 0.3.3 | 84.00 | OK | |||
r-release-macos-x86_64 | 0.3.3 | 173.00 | OK | |||
r-release-windows-x86_64 | 0.3.3 | 39.00 | 256.00 | 295.00 | OK | |
r-oldrel-macos-arm64 | 0.3.3 | 100.00 | OK | |||
r-oldrel-windows-x86_64 | 0.3.3 | 41.00 | 259.00 | 300.00 | OK |
Version: 0.3.3
Check: Rd files
Result: NOTE
checkRd: (-1) SignalProcessing.Rd:42: Lost braces; missing escapes or markup?
42 | \item{calibrateIntensity_method}{a \code{character} indicating the intensities calibration method used (\code{"TIC"} method by default). This calibration method can be remplaced by \code{"PQN"} or {"median"}.See \code{calibrateIntensity-methods} of the \code{MALDIquant} R package for details.}
| ^
Flavors: r-devel-linux-x86_64-debian-clang, r-devel-linux-x86_64-debian-gcc, r-devel-linux-x86_64-fedora-clang, r-devel-linux-x86_64-fedora-gcc, r-prerel-macos-arm64, r-prerel-windows-x86_64, r-patched-linux-x86_64