CRAN Package Check Results for Package MTS

Last updated on 2018-09-19 22:49:53 CEST.

Flavor Version Tinstall Tcheck Ttotal Status Flags
r-devel-linux-x86_64-debian-clang 0.33 26.49 124.94 151.43 NOTE
r-devel-linux-x86_64-debian-gcc 0.33 25.81 99.22 125.03 NOTE
r-devel-linux-x86_64-fedora-clang 0.33 195.74 NOTE
r-devel-linux-x86_64-fedora-gcc 0.33 181.60 NOTE
r-devel-windows-ix86+x86_64 0.33 48.00 224.00 272.00 NOTE
r-patched-linux-x86_64 0.33 26.78 116.23 143.01 NOTE
r-patched-solaris-x86 0.33 200.20 NOTE
r-release-linux-x86_64 0.33 29.71 114.65 144.36 NOTE
r-release-windows-ix86+x86_64 0.33 63.00 146.00 209.00 NOTE
r-release-osx-x86_64 0.33 NOTE
r-oldrel-windows-ix86+x86_64 0.33 30.00 148.00 178.00 NOTE
r-oldrel-osx-x86_64 0.33 NOTE

Check Details

Version: 0.33
Check: R code for possible problems
Result: NOTE
    BEKK11: no visible global function definition for ‘cov’
    BEKK11 : mlikeG: no visible global function definition for ‘cov’
    BEKK11: no visible global function definition for ‘nlminb’
    BEKK11: no visible global function definition for ‘pnorm’
    BEKK11: no visible global function definition for ‘printCoefmat’
    BEKK11 : BEKK11vol: no visible global function definition for ‘cov’
    Btfm2 : fore1: no visible global function definition for ‘filter’
    ECMvar: no visible global function definition for ‘nlminb’
    ECMvar: no visible global function definition for ‘pnorm’
    ECMvar: no visible global function definition for ‘printCoefmat’
    EWMAvol : MGAUS: no visible global function definition for ‘cov’
    EWMAvol: no visible global function definition for ‘nlminb’
    EWMAvol: no visible global function definition for ‘pnorm’
    EWMAvol: no visible global function definition for ‘printCoefmat’
    EWMAvol: no visible global function definition for ‘cov’
    Eccm: no visible global function definition for ‘printCoefmat’
    GrangerTest: no visible global function definition for ‘pchisq’
    Kronfit: no visible global function definition for ‘nlminb’
    Kronfit: no visible global function definition for ‘pnorm’
    Kronfit: no visible global function definition for ‘printCoefmat’
    Kronid: no visible global function definition for ‘cancor’
    Kronid: no visible global function definition for ‘pchisq’
    Kronid: no visible global function definition for ‘acf’
    MCHdiag: no visible global function definition for ‘pchisq’
    MCHdiag: no visible global function definition for ‘var’
    MCHdiag: no visible global function definition for ‘cov’
    MCHdiag: no visible global function definition for ‘quantile’
    MCholV: no visible global function definition for ‘filter’
    MTSplot: no visible global function definition for ‘is.ts’
    MTSplot: no visible global function definition for ‘par’
    MTSplot: no visible global function definition for ‘lines’
    MarchTest: no visible global function definition for ‘cov’
    MarchTest: no visible global function definition for ‘pchisq’
    MarchTest: no visible global function definition for ‘var’
    MarchTest: no visible global function definition for ‘quantile’
    Mlm: no visible global function definition for ‘pt’
    PIwgt: no visible global function definition for ‘par’
    PIwgt: no visible global function definition for ‘points’
    PIwgt: no visible global function definition for ‘title’
    PSIwgt: no visible global function definition for ‘par’
    PSIwgt: no visible global function definition for ‘points’
    PSIwgt: no visible global function definition for ‘title’
    REGts: no visible global function definition for ‘nlminb’
    REGts: no visible global function definition for ‘pnorm’
    REGts: no visible global function definition for ‘printCoefmat’
    SCCor: no visible global function definition for ‘cor’
    SCMfit: no visible global function definition for ‘nlminb’
    SCMfit: no visible global function definition for ‘pnorm’
    SCMfit: no visible global function definition for ‘printCoefmat’
    SCMid: no visible global function definition for ‘cancor’
    SCMid: no visible global function definition for ‘acf’
    SCMid: no visible global function definition for ‘qnorm’
    SCMid: no visible global function definition for ‘pchisq’
    SCMid: no visible global function definition for ‘printCoefmat’
    SCMid2: no visible global function definition for ‘cancor’
    SCMid2: no visible global function definition for ‘acf’
    SCMid2: no visible global function definition for ‘qnorm’
    SCMid2: no visible global function definition for ‘pchisq’
    SWfore: no visible binding for global variable ‘var’
    SWfore: no visible global function definition for ‘cov’
    SWfore: no visible global function definition for ‘lm’
    VARMA: no visible global function definition for ‘nlminb’
    VARMA: no visible global function definition for ‘pnorm’
    VARMA: no visible global function definition for ‘printCoefmat’
    VARMACpp: no visible global function definition for ‘nlminb’
    VARMACpp: no visible global function definition for ‘pnorm’
    VARMACpp: no visible global function definition for ‘printCoefmat’
    VARMAirf: no visible global function definition for ‘par’
    VARMAirf: no visible global function definition for ‘points’
    VARMAirf: no visible global function definition for ‘title’
    VARchi: no visible global function definition for ‘pchisq’
    VARirf: no visible global function definition for ‘par’
    VARirf: no visible global function definition for ‘points’
    VARirf: no visible global function definition for ‘title’
    VARorder: no visible global function definition for ‘cov’
    VARorder: no visible global function definition for ‘pchisq’
    VARorderI: no visible global function definition for ‘cov’
    VARorderI: no visible global function definition for ‘pchisq’
    VMA: no visible global function definition for ‘nlminb’
    VMA: no visible global function definition for ‘pnorm’
    VMA: no visible global function definition for ‘printCoefmat’
    VMACpp: no visible global function definition for ‘nlminb’
    VMACpp: no visible global function definition for ‘pnorm’
    VMACpp: no visible global function definition for ‘printCoefmat’
    VMAe: no visible global function definition for ‘nlminb’
    VMAe: no visible global function definition for ‘pnorm’
    VMAe: no visible global function definition for ‘printCoefmat’
    VMAorder: no visible global function definition for ‘var’
    VMAorder: no visible global function definition for ‘cov’
    VMAorder: no visible global function definition for ‘pchisq’
    VMAorder: no visible global function definition for ‘printCoefmat’
    VMAorder: no visible global function definition for ‘par’
    VMAorder: no visible global function definition for ‘abline’
    VMAorder: no visible global function definition for ‘lines’
    VMAs: no visible global function definition for ‘nlminb’
    VMAs: no visible global function definition for ‘pnorm’
    VMAs: no visible global function definition for ‘printCoefmat’
    apca: no visible global function definition for ‘princomp’
    archTest: no visible global function definition for ‘pchisq’
    ccm: no visible global function definition for ‘cov’
    ccm: no visible global function definition for ‘par’
    ccm: no visible global function definition for ‘abline’
    ccm: no visible global function definition for ‘pchisq’
    ccm: no visible global function definition for ‘title’
    comVol: no visible global function definition for ‘cov’
    comVol : archTstC: no visible global function definition for ‘pf’
    dccFit: no visible global function definition for ‘cor’
    dccFit : dcclike: no visible global function definition for ‘cor’
    dccFit : dcclike: no visible global function definition for ‘filter’
    dccFit: no visible global function definition for ‘optim’
    dccFit : dccRho: no visible global function definition for ‘cor’
    hfactor: no visible global function definition for ‘cov’
    hfactor: no visible binding for global variable ‘var’
    mq: no visible global function definition for ‘var’
    mq: no visible global function definition for ‘cov’
    mq: no visible global function definition for ‘pchisq’
    mq: no visible global function definition for ‘printCoefmat’
    mq: no visible global function definition for ‘par’
    mq: no visible global function definition for ‘abline’
    mq: no visible global function definition for ‘lines’
    mtCopula: no visible global function definition for ‘optim’
    refVAR: no visible global function definition for ‘lm’
    refVARs: no visible global function definition for ‘lm’
    revmq: no visible global function definition for ‘pchisq’
    sVARMA: no visible global function definition for ‘t.test’
    sVARMA: no visible global function definition for ‘arima’
    sVARMA: no visible global function definition for ‘nlminb’
    sVARMA: no visible global function definition for ‘pnorm’
    sVARMA: no visible global function definition for ‘printCoefmat’
    sVARMACpp: no visible global function definition for ‘t.test’
    sVARMACpp: no visible global function definition for ‘arima’
    sVARMACpp: no visible global function definition for ‘nlminb’
    sVARMACpp: no visible global function definition for ‘pnorm’
    sVARMACpp: no visible global function definition for ‘printCoefmat’
    tfm: no visible global function definition for ‘arima’
    tfm1 : Nlike: no visible global function definition for ‘var’
    tfm1 : Nlike: no visible global function definition for ‘dnorm’
    tfm1 : Gaulike: no visible global function definition for ‘filter’
    tfm1 : Nts: no visible global function definition for ‘filter’
    tfm1: no visible global function definition for ‘arima’
    tfm1: no visible global function definition for ‘nlm’
    tfm1: no visible global function definition for ‘var’
    tfm2 : Nlike: no visible global function definition for ‘var’
    tfm2 : Nlike: no visible global function definition for ‘dnorm’
    tfm2 : Gaulike: no visible global function definition for ‘filter’
    tfm2 : Nts: no visible global function definition for ‘filter’
    tfm2: no visible global function definition for ‘arima’
    tfm2: no visible global function definition for ‘nlm’
    tfm2: no visible global function definition for ‘var’
    Undefined global functions or variables:
     abline acf arima cancor cor cov dnorm filter is.ts lines lm nlm
     nlminb optim par pchisq pf pnorm points princomp printCoefmat pt
     qnorm quantile t.test title var
    Consider adding
     importFrom("graphics", "abline", "lines", "par", "points", "title")
     importFrom("stats", "acf", "arima", "cancor", "cor", "cov", "dnorm",
     "filter", "is.ts", "lm", "nlm", "nlminb", "optim", "pchisq",
     "pf", "pnorm", "princomp", "printCoefmat", "pt", "qnorm",
     "quantile", "t.test", "var")
    to your NAMESPACE file.
Flavors: r-devel-linux-x86_64-debian-clang, r-devel-linux-x86_64-debian-gcc, r-devel-linux-x86_64-fedora-clang, r-devel-linux-x86_64-fedora-gcc, r-devel-windows-ix86+x86_64, r-patched-linux-x86_64, r-patched-solaris-x86, r-release-linux-x86_64, r-release-windows-ix86+x86_64, r-release-osx-x86_64, r-oldrel-windows-ix86+x86_64, r-oldrel-osx-x86_64

Version: 0.33
Check: compiled code
Result: NOTE
    File ‘MTS/libs/MTS.so’:
     Found no calls to: ‘R_registerRoutines’, ‘R_useDynamicSymbols’
    
    It is good practice to register native routines and to disable symbol
    search.
    
    See ‘Writing portable packages’ in the ‘Writing R Extensions’ manual.
Flavors: r-devel-linux-x86_64-debian-clang, r-devel-linux-x86_64-debian-gcc, r-devel-linux-x86_64-fedora-clang, r-devel-linux-x86_64-fedora-gcc, r-patched-linux-x86_64, r-release-linux-x86_64