CRAN Package Check Results for Package MTS

Last updated on 2018-12-09 22:58:34 CET.

Flavor Version Tinstall Tcheck Ttotal Status Flags
r-devel-linux-x86_64-debian-clang 1.0 29.49 122.84 152.33 OK
r-devel-linux-x86_64-debian-gcc 1.0 21.32 93.73 115.05 OK
r-devel-linux-x86_64-fedora-clang 1.0 178.63 NOTE
r-devel-linux-x86_64-fedora-gcc 1.0 181.00 NOTE
r-devel-windows-ix86+x86_64 1.0 61.00 150.00 211.00 OK
r-patched-linux-x86_64 1.0 28.45 119.48 147.93 OK
r-patched-solaris-x86 1.0 210.40 OK
r-release-linux-x86_64 1.0 30.34 118.54 148.88 OK
r-release-windows-ix86+x86_64 1.0 64.00 149.00 213.00 OK
r-release-osx-x86_64 1.0 OK
r-oldrel-windows-ix86+x86_64 1.0 32.00 212.00 244.00 OK
r-oldrel-osx-x86_64 1.0 OK

Check Details

Version: 1.0
Check: compiled code
Result: NOTE
    File ‘MTS/libs/MTS.so’:
     Found no calls to: ‘R_registerRoutines’, ‘R_useDynamicSymbols’
    
    It is good practice to register native routines and to disable symbol
    search.
    
    See ‘Writing portable packages’ in the ‘Writing R Extensions’ manual.
Flavors: r-devel-linux-x86_64-fedora-clang, r-devel-linux-x86_64-fedora-gcc