CRAN Package Check Results for Package MakefileR

Last updated on 2023-09-22 23:05:03 CEST.

Flavor Version Tinstall Tcheck Ttotal Status Flags
r-devel-linux-x86_64-debian-clang 1.0 2.33 25.03 27.36 NOTE
r-devel-linux-x86_64-debian-gcc 1.0 1.73 20.74 22.47 NOTE
r-devel-linux-x86_64-fedora-clang 1.0 36.42 NOTE
r-devel-linux-x86_64-fedora-gcc 1.0 60.26 NOTE
r-devel-windows-x86_64 1.0 4.00 47.00 51.00 NOTE
r-patched-linux-x86_64 1.0 2.28 25.83 28.11 NOTE
r-release-linux-x86_64 1.0 1.75 26.05 27.80 NOTE
r-release-macos-arm64 1.0 27.00 NOTE
r-release-macos-x86_64 1.0 41.00 NOTE
r-release-windows-x86_64 1.0 3.00 44.00 47.00 NOTE
r-oldrel-macos-arm64 1.0 22.00 NOTE
r-oldrel-macos-x86_64 1.0 29.00 NOTE
r-oldrel-windows-x86_64 1.0 4.00 45.00 49.00 NOTE

Check Details

Version: 1.0
Check: LazyData
Result: NOTE
     'LazyData' is specified without a 'data' directory
Flavors: r-devel-linux-x86_64-debian-clang, r-devel-linux-x86_64-debian-gcc, r-devel-linux-x86_64-fedora-clang, r-devel-linux-x86_64-fedora-gcc, r-devel-windows-x86_64, r-patched-linux-x86_64, r-release-linux-x86_64, r-release-macos-arm64, r-release-macos-x86_64, r-release-windows-x86_64, r-oldrel-macos-arm64, r-oldrel-macos-x86_64, r-oldrel-windows-x86_64