CRAN Package Check Results for Package Massign

Last updated on 2023-09-29 21:53:58 CEST.

Flavor Version Tinstall Tcheck Ttotal Status Flags
r-devel-linux-x86_64-debian-clang 1.1.0 1.48 21.54 23.02 NOTE
r-devel-linux-x86_64-debian-gcc 1.1.0 1.61 16.99 18.60 NOTE
r-devel-linux-x86_64-fedora-clang 1.1.0 29.40 NOTE
r-devel-linux-x86_64-fedora-gcc 1.1.0 30.03 NOTE
r-devel-windows-x86_64 1.1.0 3.00 40.00 43.00 NOTE
r-patched-linux-x86_64 1.1.0 2.19 21.22 23.41 NOTE
r-release-linux-x86_64 1.1.0 1.56 21.34 22.90 NOTE
r-release-macos-arm64 1.1.0 15.00 NOTE
r-release-macos-x86_64 1.1.0 20.00 NOTE
r-release-windows-x86_64 1.1.0 5.00 38.00 43.00 NOTE
r-oldrel-macos-arm64 1.1.0 16.00 NOTE
r-oldrel-macos-x86_64 1.1.0 22.00 NOTE
r-oldrel-windows-x86_64 1.1.0 6.00 40.00 46.00 NOTE

Check Details

Version: 1.1.0
Check: LazyData
Result: NOTE
     'LazyData' is specified without a 'data' directory
Flavors: r-devel-linux-x86_64-debian-clang, r-devel-linux-x86_64-debian-gcc, r-devel-linux-x86_64-fedora-clang, r-devel-linux-x86_64-fedora-gcc, r-devel-windows-x86_64, r-patched-linux-x86_64, r-release-linux-x86_64, r-release-macos-arm64, r-release-macos-x86_64, r-release-windows-x86_64, r-oldrel-macos-arm64, r-oldrel-macos-x86_64, r-oldrel-windows-x86_64